CRAN Package Check Results for Package gamlss.countKinf

Last updated on 2021-05-07 07:47:35 CEST.

Flavor Version Tinstall Tcheck Ttotal Status Flags
r-devel-linux-x86_64-debian-clang 3.5.1 15.62 110.13 125.75 NOTE
r-devel-linux-x86_64-debian-gcc 3.5.1 12.56 81.18 93.74 NOTE
r-devel-linux-x86_64-fedora-clang 3.5.1 156.59 NOTE
r-devel-linux-x86_64-fedora-gcc 3.5.1 145.42 NOTE
r-devel-windows-ix86+x86_64 3.5.1 18.00 125.00 143.00 NOTE
r-devel-windows-x86_64-gcc10-UCRT 3.5.1 NOTE
r-patched-linux-x86_64 3.5.1 17.33 105.99 123.32 NOTE
r-patched-solaris-x86 3.5.1 187.50 OK
r-release-linux-x86_64 3.5.1 14.95 97.61 112.56 OK
r-release-macos-x86_64 3.5.1 OK
r-release-windows-ix86+x86_64 3.5.1 21.00 91.00 112.00 OK
r-oldrel-macos-x86_64 3.5.1 OK
r-oldrel-windows-ix86+x86_64 3.5.1 25.00 87.00 112.00 OK

Check Details

Version: 3.5.1
Check: LazyData
Result: NOTE
     'LazyData' is specified without a 'data' directory
Flavors: r-devel-linux-x86_64-debian-clang, r-devel-linux-x86_64-debian-gcc, r-devel-linux-x86_64-fedora-clang, r-devel-linux-x86_64-fedora-gcc, r-devel-windows-ix86+x86_64, r-devel-windows-x86_64-gcc10-UCRT, r-patched-linux-x86_64