CRAN Package Check Results for Package gMOIP

Last updated on 2021-06-22 07:49:29 CEST.

Flavor Version Tinstall Tcheck Ttotal Status Flags
r-devel-linux-x86_64-debian-clang 1.4.6 12.56 279.36 291.92 NOTE
r-devel-linux-x86_64-debian-gcc 1.4.6 7.83 202.10 209.93 NOTE
r-devel-linux-x86_64-fedora-clang 1.4.6 333.51 NOTE
r-devel-linux-x86_64-fedora-gcc 1.4.6 333.15 NOTE
r-devel-windows-x86_64 1.4.6 17.00 230.00 247.00 NOTE
r-devel-windows-x86_64-gcc10-UCRT 1.4.6 WARN
r-patched-linux-x86_64 1.4.6 17.57 264.33 281.90 NOTE
r-patched-solaris-x86 1.4.6 322.30 WARN
r-release-linux-x86_64 1.4.6 11.40 263.38 274.78 NOTE
r-release-macos-arm64 1.4.6 WARN
r-release-macos-x86_64 1.4.6 WARN
r-release-windows-ix86+x86_64 1.4.6 24.00 315.00 339.00 NOTE
r-oldrel-macos-x86_64 1.4.6 WARN

Check Details

Version: 1.4.6
Check: LazyData
Result: NOTE
     'LazyData' is specified without a 'data' directory
Flavors: r-devel-linux-x86_64-debian-clang, r-devel-linux-x86_64-debian-gcc, r-devel-linux-x86_64-fedora-clang, r-devel-linux-x86_64-fedora-gcc, r-devel-windows-x86_64, r-devel-windows-x86_64-gcc10-UCRT, r-patched-linux-x86_64, r-patched-solaris-x86, r-release-linux-x86_64, r-release-macos-arm64, r-release-macos-x86_64, r-release-windows-ix86+x86_64

Version: 1.4.6
Check: installed package size
Result: NOTE
     installed size is 6.2Mb
     sub-directories of 1Mb or more:
     doc 4.9Mb
Flavors: r-devel-linux-x86_64-fedora-clang, r-devel-windows-x86_64, r-patched-solaris-x86, r-release-macos-arm64, r-release-macos-x86_64, r-release-windows-ix86+x86_64, r-oldrel-macos-x86_64

Version: 1.4.6
Check: package dependencies
Result: NOTE
    Packages suggested but not available for checking: 'tidyverse', 'pdftools'
Flavor: r-devel-windows-x86_64-gcc10-UCRT

Version: 1.4.6
Check: re-building of vignette outputs
Result: WARN
    Error(s) in re-building vignettes:
    --- re-building 'bi-objective_2x.Rmd' using rmarkdown
    Warning: ggrepel: 70 unlabeled data points (too many overlaps). Consider increasing max.overlaps
    Warning: ggrepel: 70 unlabeled data points (too many overlaps). Consider increasing max.overlaps
    Warning: ggrepel: 70 unlabeled data points (too many overlaps). Consider increasing max.overlaps
    Warning: ggrepel: 70 unlabeled data points (too many overlaps). Consider increasing max.overlaps
    --- finished re-building 'bi-objective_2x.Rmd'
    
    --- re-building 'bi-objective_3x_ex1.Rmd' using rmarkdown
    --- finished re-building 'bi-objective_3x_ex1.Rmd'
    
    --- re-building 'intro.Rmd' using rmarkdown
    Quitting from lines 15-29 (intro.Rmd)
    Error: processing vignette 'intro.Rmd' failed with diagnostics:
    there is no package called 'tidyverse'
    --- failed re-building 'intro.Rmd'
    
    --- re-building 'polytope_2d.Rmd' using rmarkdown
    --- finished re-building 'polytope_2d.Rmd'
    
    --- re-building 'polytope_3d_ex1.Rmd' using rmarkdown
    --- finished re-building 'polytope_3d_ex1.Rmd'
    
    --- re-building 'tri-objective.Rmd' using rmarkdown
    Quitting from lines 15-29 (tri-objective.Rmd)
    Error: processing vignette 'tri-objective.Rmd' failed with diagnostics:
    there is no package called 'tidyverse'
    --- failed re-building 'tri-objective.Rmd'
    
    SUMMARY: processing the following files failed:
     'intro.Rmd' 'tri-objective.Rmd'
    
    Error: Vignette re-building failed.
    Execution halted
Flavor: r-devel-windows-x86_64-gcc10-UCRT

Version: 1.4.6
Check: re-building of vignette outputs
Result: WARN
    Error(s) in re-building vignettes:
     ...
    --- re-building ‘bi-objective_2x.Rmd’ using rmarkdown
    Warning in engine$weave(file, quiet = quiet, encoding = enc) :
     Pandoc (>= 1.12.3) not available. Falling back to R Markdown v1.
    Warning: ggrepel: 70 unlabeled data points (too many overlaps). Consider increasing max.overlaps
    Warning: ggrepel: 70 unlabeled data points (too many overlaps). Consider increasing max.overlaps
    Warning: ggrepel: 70 unlabeled data points (too many overlaps). Consider increasing max.overlaps
    Warning: ggrepel: 70 unlabeled data points (too many overlaps). Consider increasing max.overlaps
    --- finished re-building ‘bi-objective_2x.Rmd’
    
    --- re-building ‘bi-objective_3x_ex1.Rmd’ using rmarkdown
    Warning in engine$weave(file, quiet = quiet, encoding = enc) :
     Pandoc (>= 1.12.3) not available. Falling back to R Markdown v1.
    PhantomJS not found. You can install it with webshot::install_phantomjs(). If it is installed, please make sure the phantomjs executable can be found via the PATH variable.
    PhantomJS not found. You can install it with webshot::install_phantomjs(). If it is installed, please make sure the phantomjs executable can be found via the PATH variable.
    Quitting from lines 84-85 (bi-objective_3x_ex1.Rmd)
    Error: processing vignette 'bi-objective_3x_ex1.Rmd' failed with diagnostics:
    invalid 'path' argument
    --- failed re-building ‘bi-objective_3x_ex1.Rmd’
    
    --- re-building ‘intro.Rmd’ using rmarkdown
    Warning in engine$weave(file, quiet = quiet, encoding = enc) :
     Pandoc (>= 1.12.3) not available. Falling back to R Markdown v1.
    PhantomJS not found. You can install it with webshot::install_phantomjs(). If it is installed, please make sure the phantomjs executable can be found via the PATH variable.
    PhantomJS not found. You can install it with webshot::install_phantomjs(). If it is installed, please make sure the phantomjs executable can be found via the PATH variable.
    Quitting from lines 146-155 (intro.Rmd)
    Error: processing vignette 'intro.Rmd' failed with diagnostics:
    invalid 'path' argument
    --- failed re-building ‘intro.Rmd’
    
    --- re-building ‘polytope_2d.Rmd’ using rmarkdown
    Warning in engine$weave(file, quiet = quiet, encoding = enc) :
     Pandoc (>= 1.12.3) not available. Falling back to R Markdown v1.
    --- finished re-building ‘polytope_2d.Rmd’
    
    --- re-building ‘polytope_3d_ex1.Rmd’ using rmarkdown
    Warning in engine$weave(file, quiet = quiet, encoding = enc) :
     Pandoc (>= 1.12.3) not available. Falling back to R Markdown v1.
    PhantomJS not found. You can install it with webshot::install_phantomjs(). If it is installed, please make sure the phantomjs executable can be found via the PATH variable.
    PhantomJS not found. You can install it with webshot::install_phantomjs(). If it is installed, please make sure the phantomjs executable can be found via the PATH variable.
    Quitting from lines 58-60 (polytope_3d_ex1.Rmd)
    Error: processing vignette 'polytope_3d_ex1.Rmd' failed with diagnostics:
    invalid 'path' argument
    --- failed re-building ‘polytope_3d_ex1.Rmd’
    
    --- re-building ‘tri-objective.Rmd’ using rmarkdown
    Warning in engine$weave(file, quiet = quiet, encoding = enc) :
     Pandoc (>= 1.12.3) not available. Falling back to R Markdown v1.
    PhantomJS not found. You can install it with webshot::install_phantomjs(). If it is installed, please make sure the phantomjs executable can be found via the PATH variable.
    PhantomJS not found. You can install it with webshot::install_phantomjs(). If it is installed, please make sure the phantomjs executable can be found via the PATH variable.
    Quitting from lines 44-59 (tri-objective.Rmd)
    Error: processing vignette 'tri-objective.Rmd' failed with diagnostics:
    invalid 'path' argument
    --- failed re-building ‘tri-objective.Rmd’
    
    SUMMARY: processing the following files failed:
     ‘bi-objective_3x_ex1.Rmd’ ‘intro.Rmd’ ‘polytope_3d_ex1.Rmd’
     ‘tri-objective.Rmd’
    
    Error: Vignette re-building failed.
    Execution halted
Flavor: r-patched-solaris-x86

Version: 1.4.6
Check: re-building of vignette outputs
Result: WARN
    Error(s) in re-building vignettes:
    --- re-building ‘bi-objective_2x.Rmd’ using rmarkdown
    Warning in engine$weave(file, quiet = quiet, encoding = enc) :
     Pandoc (>= 1.12.3) not available. Falling back to R Markdown v1.
    Warning: ggrepel: 70 unlabeled data points (too many overlaps). Consider increasing max.overlaps
    Warning: ggrepel: 70 unlabeled data points (too many overlaps). Consider increasing max.overlaps
    Warning: ggrepel: 70 unlabeled data points (too many overlaps). Consider increasing max.overlaps
    Warning: ggrepel: 70 unlabeled data points (too many overlaps). Consider increasing max.overlaps
    --- finished re-building ‘bi-objective_2x.Rmd’
    
    --- re-building ‘bi-objective_3x_ex1.Rmd’ using rmarkdown
    Warning in engine$weave(file, quiet = quiet, encoding = enc) :
     Pandoc (>= 1.12.3) not available. Falling back to R Markdown v1.
    PhantomJS not found. You can install it with webshot::install_phantomjs(). If it is installed, please make sure the phantomjs executable can be found via the PATH variable.
    PhantomJS not found. You can install it with webshot::install_phantomjs(). If it is installed, please make sure the phantomjs executable can be found via the PATH variable.
    Quitting from lines 84-85 (bi-objective_3x_ex1.Rmd)
    Error: processing vignette 'bi-objective_3x_ex1.Rmd' failed with diagnostics:
    invalid 'path' argument
    --- failed re-building ‘bi-objective_3x_ex1.Rmd’
    
    --- re-building ‘intro.Rmd’ using rmarkdown
    Warning in engine$weave(file, quiet = quiet, encoding = enc) :
     Pandoc (>= 1.12.3) not available. Falling back to R Markdown v1.
    PhantomJS not found. You can install it with webshot::install_phantomjs(). If it is installed, please make sure the phantomjs executable can be found via the PATH variable.
    PhantomJS not found. You can install it with webshot::install_phantomjs(). If it is installed, please make sure the phantomjs executable can be found via the PATH variable.
    Quitting from lines 146-155 (intro.Rmd)
    Error: processing vignette 'intro.Rmd' failed with diagnostics:
    invalid 'path' argument
    --- failed re-building ‘intro.Rmd’
    
    --- re-building ‘polytope_2d.Rmd’ using rmarkdown
    Warning in engine$weave(file, quiet = quiet, encoding = enc) :
     Pandoc (>= 1.12.3) not available. Falling back to R Markdown v1.
    --- finished re-building ‘polytope_2d.Rmd’
    
    --- re-building ‘polytope_3d_ex1.Rmd’ using rmarkdown
    Warning in engine$weave(file, quiet = quiet, encoding = enc) :
     Pandoc (>= 1.12.3) not available. Falling back to R Markdown v1.
    PhantomJS not found. You can install it with webshot::install_phantomjs(). If it is installed, please make sure the phantomjs executable can be found via the PATH variable.
    PhantomJS not found. You can install it with webshot::install_phantomjs(). If it is installed, please make sure the phantomjs executable can be found via the PATH variable.
    Quitting from lines 58-60 (polytope_3d_ex1.Rmd)
    Error: processing vignette 'polytope_3d_ex1.Rmd' failed with diagnostics:
    invalid 'path' argument
    --- failed re-building ‘polytope_3d_ex1.Rmd’
    
    --- re-building ‘tri-objective.Rmd’ using rmarkdown
    Warning in engine$weave(file, quiet = quiet, encoding = enc) :
     Pandoc (>= 1.12.3) not available. Falling back to R Markdown v1.
    PhantomJS not found. You can install it with webshot::install_phantomjs(). If it is installed, please make sure the phantomjs executable can be found via the PATH variable.
    PhantomJS not found. You can install it with webshot::install_phantomjs(). If it is installed, please make sure the phantomjs executable can be found via the PATH variable.
    Quitting from lines 44-59 (tri-objective.Rmd)
    Error: processing vignette 'tri-objective.Rmd' failed with diagnostics:
    invalid 'path' argument
    --- failed re-building ‘tri-objective.Rmd’
    
    SUMMARY: processing the following files failed:
     ‘bi-objective_3x_ex1.Rmd’ ‘intro.Rmd’ ‘polytope_3d_ex1.Rmd’
     ‘tri-objective.Rmd’
    
    Error: Vignette re-building failed.
    Execution halted
Flavors: r-release-macos-arm64, r-release-macos-x86_64

Version: 1.4.6
Check: re-building of vignette outputs
Result: WARN
    Error(s) in re-building vignettes:
    --- re-building ‘bi-objective_2x.Rmd’ using rmarkdown
    Warning in engine$weave(file, quiet = quiet, encoding = enc) :
     Pandoc (>= 1.12.3) and/or pandoc-citeproc not available. Falling back to R Markdown v1.
    Warning: ggrepel: 70 unlabeled data points (too many overlaps). Consider increasing max.overlaps
    Warning: ggrepel: 70 unlabeled data points (too many overlaps). Consider increasing max.overlaps
    Warning: ggrepel: 70 unlabeled data points (too many overlaps). Consider increasing max.overlaps
    Warning: ggrepel: 70 unlabeled data points (too many overlaps). Consider increasing max.overlaps
    --- finished re-building ‘bi-objective_2x.Rmd’
    
    --- re-building ‘bi-objective_3x_ex1.Rmd’ using rmarkdown
    Warning in engine$weave(file, quiet = quiet, encoding = enc) :
     Pandoc (>= 1.12.3) and/or pandoc-citeproc not available. Falling back to R Markdown v1.
    Loading required namespace: rmarkdown
    PhantomJS not found. You can install it with webshot::install_phantomjs(). If it is installed, please make sure the phantomjs executable can be found via the PATH variable.
    Warning in normalizePath(f2) :
     path[1]="webshotc90a5666cbc.png": No such file or directory
    Warning in file(con, "rb") :
     cannot open file 'webshotc90a5666cbc.png': No such file or directory
    Quitting from lines 84-85 (bi-objective_3x_ex1.Rmd)
    Error: processing vignette 'bi-objective_3x_ex1.Rmd' failed with diagnostics:
    cannot open the connection
    --- failed re-building ‘bi-objective_3x_ex1.Rmd’
    
    --- re-building ‘intro.Rmd’ using rmarkdown
    Warning in engine$weave(file, quiet = quiet, encoding = enc) :
     Pandoc (>= 1.12.3) and/or pandoc-citeproc not available. Falling back to R Markdown v1.
    Loading required namespace: rmarkdown
    PhantomJS not found. You can install it with webshot::install_phantomjs(). If it is installed, please make sure the phantomjs executable can be found via the PATH variable.
    Warning in normalizePath(f2) :
     path[1]="webshotc9228e45f8.png": No such file or directory
    Warning in file(con, "rb") :
     cannot open file 'webshotc9228e45f8.png': No such file or directory
    Quitting from lines 146-155 (intro.Rmd)
    Error: processing vignette 'intro.Rmd' failed with diagnostics:
    cannot open the connection
    --- failed re-building ‘intro.Rmd’
    
    --- re-building ‘polytope_2d.Rmd’ using rmarkdown
    Warning in engine$weave(file, quiet = quiet, encoding = enc) :
     Pandoc (>= 1.12.3) and/or pandoc-citeproc not available. Falling back to R Markdown v1.
    --- finished re-building ‘polytope_2d.Rmd’
    
    --- re-building ‘polytope_3d_ex1.Rmd’ using rmarkdown
    Warning in engine$weave(file, quiet = quiet, encoding = enc) :
     Pandoc (>= 1.12.3) and/or pandoc-citeproc not available. Falling back to R Markdown v1.
    Loading required namespace: rmarkdown
    PhantomJS not found. You can install it with webshot::install_phantomjs(). If it is installed, please make sure the phantomjs executable can be found via the PATH variable.
    Warning in normalizePath(f2) :
     path[1]="webshotc9912468f60d.png": No such file or directory
    Warning in file(con, "rb") :
     cannot open file 'webshotc9912468f60d.png': No such file or directory
    Quitting from lines 58-60 (polytope_3d_ex1.Rmd)
    Error: processing vignette 'polytope_3d_ex1.Rmd' failed with diagnostics:
    cannot open the connection
    --- failed re-building ‘polytope_3d_ex1.Rmd’
    
    --- re-building ‘tri-objective.Rmd’ using rmarkdown
    Warning in engine$weave(file, quiet = quiet, encoding = enc) :
     Pandoc (>= 1.12.3) and/or pandoc-citeproc not available. Falling back to R Markdown v1.
    Loading required namespace: rmarkdown
    PhantomJS not found. You can install it with webshot::install_phantomjs(). If it is installed, please make sure the phantomjs executable can be found via the PATH variable.
    Warning in normalizePath(f2) :
     path[1]="webshotc9b589dcdaa.png": No such file or directory
    Warning in file(con, "rb") :
     cannot open file 'webshotc9b589dcdaa.png': No such file or directory
    Quitting from lines 44-59 (tri-objective.Rmd)
    Error: processing vignette 'tri-objective.Rmd' failed with diagnostics:
    cannot open the connection
    --- failed re-building ‘tri-objective.Rmd’
    
    SUMMARY: processing the following files failed:
     ‘bi-objective_3x_ex1.Rmd’ ‘intro.Rmd’ ‘polytope_3d_ex1.Rmd’
     ‘tri-objective.Rmd’
    
    Error: Vignette re-building failed.
    Execution halted
Flavor: r-oldrel-macos-x86_64