CRAN Package Check Results for Package future.callr

Last updated on 2021-09-20 07:50:33 CEST.

Flavor Version Tinstall Tcheck Ttotal Status Flags
r-devel-linux-x86_64-debian-clang 0.6.1 2.96 153.35 156.31 OK
r-devel-linux-x86_64-debian-gcc 0.6.1 2.34 117.34 119.68 OK
r-devel-linux-x86_64-fedora-clang 0.6.1 189.12 OK
r-devel-linux-x86_64-fedora-gcc 0.6.1 180.72 OK
r-devel-windows-x86_64 0.6.1 4.00 128.00 132.00 OK
r-devel-windows-x86_64-gcc10-UCRT 0.6.1 ERROR
r-patched-linux-x86_64 0.6.1 2.59 147.97 150.56 OK
r-patched-solaris-x86 0.6.1 291.20 OK
r-release-linux-x86_64 0.6.1 2.81 146.23 149.04 OK
r-release-macos-arm64 0.6.1 OK
r-release-macos-x86_64 0.6.1 OK
r-release-windows-ix86+x86_64 0.6.1 7.00 130.00 137.00 OK
r-oldrel-macos-x86_64 0.6.1 OK
r-oldrel-windows-ix86+x86_64 0.6.1 7.00 127.00 134.00 OK

Check Details

Version: 0.6.1
Check: whether package can be installed
Result: WARN
    Found the following significant warnings:
     WARNING: installation-time patches will not be applied, could not get the patches index
Flavor: r-devel-windows-x86_64-gcc10-UCRT

Version: 0.6.1
Check: PDF version of manual
Result: WARN
    LaTeX errors when creating PDF version.
    This typically indicates Rd problems.
Flavor: r-devel-windows-x86_64-gcc10-UCRT

Version: 0.6.1
Check: PDF version of manual without hyperrefs or index
Result: ERROR
    Re-running with no redirection of stdout/stderr.
Flavor: r-devel-windows-x86_64-gcc10-UCRT