CRAN Package Check Results for Package funrar

Last updated on 2021-07-30 07:50:11 CEST.

Flavor Version Tinstall Tcheck Ttotal Status Flags
r-devel-linux-x86_64-debian-clang 1.4.1 NOTE
r-devel-linux-x86_64-debian-gcc 1.4.1 2.46 51.49 53.95 NOTE
r-devel-linux-x86_64-fedora-clang 1.4.1 92.46 NOTE
r-devel-linux-x86_64-fedora-gcc 1.4.1 81.44 NOTE
r-devel-windows-x86_64 1.4.1 5.00 97.00 102.00 NOTE
r-devel-windows-x86_64-gcc10-UCRT 1.4.1 NOTE
r-patched-linux-x86_64 1.4.1 NOTE
r-patched-solaris-x86 1.4.1 108.60 NOTE
r-release-linux-x86_64 1.4.1 3.14 64.72 67.86 NOTE
r-release-macos-arm64 1.4.1 WARN
r-release-macos-x86_64 1.4.1 NOTE
r-release-windows-ix86+x86_64 1.4.1 7.00 95.00 102.00 NOTE
r-oldrel-macos-x86_64 1.4.1 OK
r-oldrel-windows-ix86+x86_64 1.4.1 5.00 95.00 100.00 OK

Check Details

Version: 1.4.1
Check: LazyData
Result: NOTE
     'LazyData' is specified without a 'data' directory
Flavors: r-devel-linux-x86_64-debian-clang, r-devel-linux-x86_64-debian-gcc, r-devel-linux-x86_64-fedora-clang, r-devel-linux-x86_64-fedora-gcc, r-devel-windows-x86_64, r-devel-windows-x86_64-gcc10-UCRT, r-patched-linux-x86_64, r-patched-solaris-x86, r-release-linux-x86_64, r-release-macos-arm64, r-release-macos-x86_64, r-release-windows-ix86+x86_64

Version: 1.4.1
Check: re-building of vignette outputs
Result: WARN
    Error(s) in re-building vignettes:
    --- re-building ‘new_distinctiveness.Rmd’ using rmarkdown
    Warning in engine$weave(file, quiet = quiet, encoding = enc) :
     Pandoc (>= 1.12.3) not available. Falling back to R Markdown v1.
    Quitting from lines 131-139 (new_distinctiveness.Rmd)
    Error: processing vignette 'new_distinctiveness.Rmd' failed with diagnostics:
    polygon edge not found
    --- failed re-building ‘new_distinctiveness.Rmd’
    
    --- re-building ‘rarity_indices.Rmd’ using rmarkdown
    Warning in engine$weave(file, quiet = quiet, encoding = enc) :
     Pandoc (>= 1.12.3) not available. Falling back to R Markdown v1.
    Quitting from lines 281-341 (rarity_indices.Rmd)
    Error: processing vignette 'rarity_indices.Rmd' failed with diagnostics:
    polygon edge not found
    --- failed re-building ‘rarity_indices.Rmd’
    
    --- re-building ‘sparse_matrices.Rmd’ using rmarkdown
    Warning in engine$weave(file, quiet = quiet, encoding = enc) :
     Pandoc (>= 1.12.3) not available. Falling back to R Markdown v1.
    --- finished re-building ‘sparse_matrices.Rmd’
    
    SUMMARY: processing the following files failed:
     ‘new_distinctiveness.Rmd’ ‘rarity_indices.Rmd’
    
    Error: Vignette re-building failed.
    Execution halted
Flavor: r-release-macos-arm64