CRAN Package Check Results for Package fst

Last updated on 2021-12-02 08:51:10 CET.

Flavor Version Tinstall Tcheck Ttotal Status Flags
r-devel-linux-x86_64-debian-clang 0.9.4 118.55 80.06 198.61 NOTE
r-devel-linux-x86_64-debian-gcc 0.9.4 82.44 57.17 139.61 NOTE
r-devel-linux-x86_64-fedora-clang 0.9.4 309.30 NOTE
r-devel-linux-x86_64-fedora-gcc 0.9.4 243.16 NOTE
r-devel-windows-x86_64-new-UL 0.9.4 163.00 178.00 341.00 NOTE
r-devel-windows-x86_64-new-TK 0.9.4 NOTE
r-devel-windows-x86_64-old 0.9.4 136.00 116.00 252.00 NOTE
r-patched-linux-x86_64 0.9.4 95.74 73.16 168.90 NOTE
r-patched-solaris-x86 0.9.4 225.20 ERROR
r-release-linux-x86_64 0.9.4 88.91 74.10 163.01 NOTE
r-release-macos-arm64 0.9.4 ERROR
r-release-macos-x86_64 0.9.4 NOTE
r-release-windows-ix86+x86_64 0.9.4 273.00 245.00 518.00 NOTE
r-oldrel-macos-x86_64 0.9.4 NOTE
r-oldrel-windows-ix86+x86_64 0.9.4 238.00 254.00 492.00 OK

Check Details

Version: 0.9.4
Check: LazyData
Result: NOTE
     'LazyData' is specified without a 'data' directory
Flavors: r-devel-linux-x86_64-debian-clang, r-devel-linux-x86_64-debian-gcc, r-devel-linux-x86_64-fedora-clang, r-devel-linux-x86_64-fedora-gcc, r-devel-windows-x86_64-new-UL, r-devel-windows-x86_64-new-TK, r-devel-windows-x86_64-old, r-patched-linux-x86_64, r-patched-solaris-x86, r-release-linux-x86_64, r-release-macos-x86_64, r-release-windows-ix86+x86_64

Version: 0.9.4
Check: installed package size
Result: NOTE
     installed size is 5.9Mb
     sub-directories of 1Mb or more:
     libs 5.8Mb
Flavors: r-devel-linux-x86_64-fedora-clang, r-release-macos-x86_64, r-oldrel-macos-x86_64

Version: 0.9.4
Check: tests
Result: ERROR
     Running ‘testthat.R’ [58s/93s]
    Running the tests in ‘tests/testthat.R’ failed.
    Complete output:
     >
     > # required packages
     > library(testthat)
     > library(fst)
     >
     > # some helper functions
     > source("testthat/helper_fstwrite.R") # cross-version testing
     >
     > # run tests
     > test_check("fst")
    
     *** caught segfault ***
     address f8c4351c, cause 'memory not mapped'
    
     Traceback:
     1: fstretrieve(file_name, columns, from, to)
     2: read_fst(path, columns, from, to, as_data_table)
     3: fstreadproxy("FactorStore/data1.fst", columns = sel_columns, from = from, to = to)
     4: test_write_read(x, to = 8193L, tot_length = 8193L, compress = 30L)
     5: FUN(X[[i]], ...)
     6: lapply(X = X, FUN = FUN, ...)
     7: sapply(col_names, function(x) { test_write_read(x, to = 8193L, tot_length = 8193L, compress = 30L)})
     8: eval(code, test_env)
     9: eval(code, test_env)
     10: withCallingHandlers({ eval(code, test_env) if (!handled && !is.null(test)) { skip_empty() }}, expectation = handle_expectation, skip = handle_skip, warning = handle_warning, message = handle_message, error = handle_error)
     11: doTryCatch(return(expr), name, parentenv, handler)
     12: tryCatchOne(expr, names, parentenv, handlers[[1L]])
     13: tryCatchList(expr, names[-nh], parentenv, handlers[-nh])
     14: doTryCatch(return(expr), name, parentenv, handler)
     15: tryCatchOne(tryCatchList(expr, names[-nh], parentenv, handlers[-nh]), names[nh], parentenv, handlers[[nh]])
     16: tryCatchList(expr, classes, parentenv, handlers)
     17: tryCatch(withCallingHandlers({ eval(code, test_env) if (!handled && !is.null(test)) { skip_empty() }}, expectation = handle_expectation, skip = handle_skip, warning = handle_warning, message = handle_message, error = handle_error), error = handle_fatal, skip = function(e) { })
     18: test_code(desc, code, env = parent.frame(), reporter = reporter)
     19: test_that("Single medium sized weakly compressed vectors", { sapply(col_names, function(x) { test_write_read(x, to = 8193L, tot_length = 8193L, compress = 30L) })})
     20: eval(code, test_env)
     21: eval(code, test_env)
     22: withCallingHandlers({ eval(code, test_env) if (!handled && !is.null(test)) { skip_empty() }}, expectation = handle_expectation, skip = handle_skip, warning = handle_warning, message = handle_message, error = handle_error)
     23: doTryCatch(return(expr), name, parentenv, handler)
     24: tryCatchOne(expr, names, parentenv, handlers[[1L]])
     25: tryCatchList(expr, names[-nh], parentenv, handlers[-nh])
     26: doTryCatch(return(expr), name, parentenv, handler)
     27: tryCatchOne(tryCatchList(expr, names[-nh], parentenv, handlers[-nh]), names[nh], parentenv, handlers[[nh]])
     28: tryCatchList(expr, classes, parentenv, handlers)
     29: tryCatch(withCallingHandlers({ eval(code, test_env) if (!handled && !is.null(test)) { skip_empty() }}, expectation = handle_expectation, skip = handle_skip, warning = handle_warning, message = handle_message, error = handle_error), error = handle_fatal, skip = function(e) { })
     30: test_code(NULL, exprs, env)
     31: source_file(path, child_env(env), wrap = wrap)
     32: FUN(X[[i]], ...)
     33: lapply(test_paths, test_one_file, env = env, wrap = wrap)
     34: doTryCatch(return(expr), name, parentenv, handler)
     35: tryCatchOne(expr, names, parentenv, handlers[[1L]])
     36: tryCatchList(expr, classes, parentenv, handlers)
     37: tryCatch(code, testthat_abort_reporter = function(cnd) { cat(conditionMessage(cnd), "\n") NULL})
     38: with_reporter(reporters$multi, lapply(test_paths, test_one_file, env = env, wrap = wrap))
     39: test_files(test_dir = test_dir, test_package = test_package, test_paths = test_paths, load_helpers = load_helpers, reporter = reporter, env = env, stop_on_failure = stop_on_failure, stop_on_warning = stop_on_warning, wrap = wrap, load_package = load_package)
     40: test_files(test_dir = path, test_paths = test_paths, test_package = package, reporter = reporter, load_helpers = load_helpers, env = env, stop_on_failure = stop_on_failure, stop_on_warning = stop_on_warning, wrap = wrap, load_package = load_package, parallel = parallel)
     41: test_dir("testthat", package = package, reporter = reporter, ..., load_package = "installed")
     42: test_check("fst")
     An irrecoverable exception occurred. R is aborting now ...
Flavor: r-patched-solaris-x86

Version: 0.9.4
Check: whether package can be installed
Result: ERROR
    Installation failed.
Flavor: r-release-macos-arm64