CRAN Package Check Results for Package fritools

Last updated on 2021-05-10 07:48:12 CEST.

Flavor Version Tinstall Tcheck Ttotal Status Flags
r-devel-linux-x86_64-debian-clang 1.4.0 2.98 31.65 34.63 NOTE
r-devel-linux-x86_64-debian-gcc 1.4.0 2.26 24.79 27.05 NOTE
r-devel-linux-x86_64-fedora-clang 1.4.0 51.34 NOTE
r-devel-linux-x86_64-fedora-gcc 1.4.0 40.79 NOTE
r-devel-windows-ix86+x86_64 1.4.0 6.00 49.00 55.00 NOTE
r-devel-windows-x86_64-gcc10-UCRT 1.4.0 NOTE
r-patched-linux-x86_64 1.4.0 3.25 31.11 34.36 NOTE
r-patched-solaris-x86 1.4.0 58.60 NOTE
r-release-linux-x86_64 1.4.0 3.10 30.30 33.40 OK
r-release-macos-x86_64 1.4.0 OK
r-release-windows-ix86+x86_64 1.4.0 6.00 42.00 48.00 OK
r-oldrel-macos-x86_64 1.4.0 OK
r-oldrel-windows-ix86+x86_64 1.4.0 6.00 55.00 61.00 OK

Check Details

Version: 1.4.0
Check: LazyData
Result: NOTE
     'LazyData' is specified without a 'data' directory
Flavors: r-devel-linux-x86_64-debian-clang, r-devel-linux-x86_64-debian-gcc, r-devel-linux-x86_64-fedora-clang, r-devel-linux-x86_64-fedora-gcc, r-devel-windows-ix86+x86_64, r-devel-windows-x86_64-gcc10-UCRT, r-patched-linux-x86_64, r-patched-solaris-x86