CRAN Package Check Results for Package fplot

Last updated on 2021-07-31 07:50:40 CEST.

Flavor Version Tinstall Tcheck Ttotal Status Flags
r-devel-linux-x86_64-debian-clang 1.0.0 39.38 85.05 124.43 OK
r-devel-linux-x86_64-debian-gcc 1.0.0 23.68 57.96 81.64 OK
r-devel-linux-x86_64-fedora-clang 1.0.0 164.85 OK
r-devel-linux-x86_64-fedora-gcc 1.0.0 133.00 OK
r-devel-windows-x86_64 1.0.0 36.00 101.00 137.00 OK
r-devel-windows-x86_64-gcc10-UCRT 1.0.0 OK
r-patched-linux-x86_64 1.0.0 OK
r-patched-solaris-x86 1.0.0 151.20 OK
r-release-linux-x86_64 1.0.0 28.30 74.31 102.61 OK
r-release-macos-arm64 1.0.0 ERROR
r-release-macos-x86_64 1.0.0 OK
r-release-windows-ix86+x86_64 1.0.0 74.00 122.00 196.00 OK
r-oldrel-macos-x86_64 1.0.0 OK
r-oldrel-windows-ix86+x86_64 1.0.0 55.00 118.00 173.00 OK

Check Details

Version: 1.0.0
Check: examples
Result: ERROR
    Running examples in ‘fplot-Ex.R’ failed
    The error most likely occurred in:
    
    > ### Name: fit.off
    > ### Title: Closes the current plotting device and shows the result in the
    > ### viewer
    > ### Aliases: fit.off
    >
    > ### ** Examples
    >
    >
    > # Exportation example
    > # The functions pdf_fit, png_fit, etc, guarantee the right
    > # point size of the texts present in the graph.
    > # But you must give the exact size the graph will take in your final document.
    > # => first use the function setFplot_page, default is:
    > # setFplot_page(page = "us", margins = "normal")
    > # By default the graph takes 100% of the text width
    >
    > data(us_pub_econ)
    >
    > tmpFile = file.path(tempdir(), "DISTR -- institutions.png")
    >
    > png_fit(tmpFile)
    > plot_distr(~institution, us_pub_econ)
    Warning in strwidth(top.value2display, units = "in") :
     no font could be found for family "Arial"
    Warning in strwidth(top.value2display, units = "in") :
     no font could be found for family "Arial"
    Warning in strwidth(top.value2display, units = "in") :
     no font could be found for family "Arial"
    Warning in strwidth(top.value2display, units = "in") :
     no font could be found for family "Arial"
    Warning in strwidth(top.value2display, units = "in") :
     no font could be found for family "Arial"
    Warning in strwidth(top.value2display, units = "in") :
     no font could be found for family "Arial"
    Warning in strwidth(top.value2display, units = "in") :
     no font could be found for family "Arial"
    Warning in strwidth(top.value2display, units = "in") :
     no font could be found for family "Arial"
    Warning in strwidth(top.value2display, units = "in") :
     no font could be found for family "Arial"
    Warning in strwidth(top.value2display, units = "in") :
     no font could be found for family "Arial"
    Warning in strwidth(top.value2display, units = "in") :
     no font could be found for family "Arial"
    Warning in strwidth(top.value2display, units = "in") :
     no font could be found for family "Arial"
    Warning in strwidth(top.value2display, units = "in") :
     no font could be found for family "Arial"
    Warning in strwidth(top.value2display, units = "in") :
     no font could be found for family "Arial"
    Warning in strwidth(top.value2display, units = "in") :
     no font could be found for family "Arial"
    Warning in strwidth(top.value2display, units = "in") :
     no font could be found for family "Arial"
    Warning in strwidth(v_max, units = "in", cex = top.cex) :
     no font could be found for family "Arial"
    Warning in strheight("W", "in", cex = top.cex) :
     no font could be found for family "Arial"
    Warning in strwidth("W", "in", cex = 1) :
     no font could be found for family "Arial"
    Warning in strwidth(y_labels, units = "in") :
     no font could be found for family "Arial"
    Warning in strwidth(y_labels, units = "in") :
     no font could be found for family "Arial"
    Warning in strwidth(y_labels, units = "in") :
     no font could be found for family "Arial"
    Warning in strwidth(y_labels, units = "in") :
     no font could be found for family "Arial"
    Warning in strwidth(y_labels, units = "in") :
     no font could be found for family "Arial"
    Warning in strwidth(y_labels, units = "in") :
     no font could be found for family "Arial"
    Warning in strwidth(y_labels, units = "in") :
     no font could be found for family "Arial"
    Warning in strwidth(y_labels, units = "in") :
     no font could be found for family "Arial"
    Warning in strwidth(myLabels[1], units = "in", cex = myCex) :
     no font could be found for family "Arial"
    Warning in strwidth(myLabels, units = "in", cex = myCex) :
     no font could be found for family "Arial"
    Warning in strwidth(myLabels, units = "in", cex = myCex) :
     no font could be found for family "Arial"
    Warning in strwidth(myLabels, units = "in", cex = myCex) :
     no font could be found for family "Arial"
    Warning in strwidth(myLabels, units = "in", cex = myCex) :
     no font could be found for family "Arial"
    Warning in strwidth(myLabels, units = "in", cex = myCex) :
     no font could be found for family "Arial"
    Warning in strwidth(myLabels, units = "in", cex = myCex) :
     no font could be found for family "Arial"
    Warning in strwidth(myLabels, units = "in", cex = myCex) :
     no font could be found for family "Arial"
    Warning in strwidth(myLabels, units = "in", cex = myCex) :
     no font could be found for family "Arial"
    Warning in strwidth(myLabels, units = "in", cex = myCex) :
     no font could be found for family "Arial"
    Warning in strwidth(myLabels, units = "in", cex = myCex) :
     no font could be found for family "Arial"
    Warning in strwidth(myLabels, units = "in", cex = myCex) :
     no font could be found for family "Arial"
    Warning in strwidth(myLabels, units = "in", cex = myCex) :
     no font could be found for family "Arial"
    Warning in strwidth(myLabels, units = "in", cex = myCex) :
     no font could be found for family "Arial"
    Warning in strwidth(myLabels, units = "in", cex = myCex) :
     no font could be found for family "Arial"
    Warning in strwidth(myLabels, units = "in", cex = myCex) :
     no font could be found for family "Arial"
    Warning in strwidth(myLabels, units = "in", cex = myCex) :
     no font could be found for family "Arial"
    Error in seq.default(line.min, line.max, by = line_step) :
     invalid '(to - from)/by'
    Calls: plot_distr ... find_margins_bottom -> xaxis_labels -> seq -> seq.default
    Execution halted
Flavor: r-release-macos-arm64

Version: 1.0.0
Check: re-building of vignette outputs
Result: WARN
    Error(s) in re-building vignettes:
     ...
    --- re-building ‘Exporting_graphs.Rmd’ using rmarkdown
    Warning in engine$weave(file, quiet = quiet, encoding = enc) :
     Pandoc (>= 1.12.3) not available. Falling back to R Markdown v1.
    --- finished re-building ‘Exporting_graphs.Rmd’
    
    --- re-building ‘fplot_walkthrough.Rmd’ using rmarkdown
    Warning in engine$weave(file, quiet = quiet, encoding = enc) :
     Pandoc (>= 1.12.3) not available. Falling back to R Markdown v1.
    Quitting from lines 100-103 (fplot_walkthrough.Rmd)
    Error: processing vignette 'fplot_walkthrough.Rmd' failed with diagnostics:
    invalid '(to - from)/by'
    --- failed re-building ‘fplot_walkthrough.Rmd’
    
    SUMMARY: processing the following file failed:
     ‘fplot_walkthrough.Rmd’
    
    Error: Vignette re-building failed.
    Execution halted
Flavor: r-release-macos-arm64