CRAN Package Check Results for Package fourierin

Last updated on 2021-09-21 07:50:07 CEST.

Flavor Version Tinstall Tcheck Ttotal Status Flags
r-devel-linux-x86_64-debian-clang 0.2.4 96.03 79.42 175.45 NOTE
r-devel-linux-x86_64-debian-gcc 0.2.4 62.83 53.23 116.06 NOTE
r-devel-linux-x86_64-fedora-clang 0.2.4 246.69 NOTE
r-devel-linux-x86_64-fedora-gcc 0.2.4 205.77 NOTE
r-devel-windows-x86_64 0.2.4 90.00 116.00 206.00 NOTE
r-devel-windows-x86_64-gcc10-UCRT 0.2.4 ERROR
r-patched-linux-x86_64 0.2.4 75.30 65.52 140.82 NOTE
r-patched-solaris-x86 0.2.4 283.00 NOTE
r-release-linux-x86_64 0.2.4 77.75 66.74 144.49 NOTE
r-release-macos-arm64 0.2.4 NOTE
r-release-macos-x86_64 0.2.4 NOTE
r-release-windows-ix86+x86_64 0.2.4 227.00 123.00 350.00 NOTE
r-oldrel-macos-x86_64 0.2.4 OK
r-oldrel-windows-ix86+x86_64 0.2.4 226.00 131.00 357.00 OK

Check Details

Version: 0.2.4
Check: LazyData
Result: NOTE
     'LazyData' is specified without a 'data' directory
Flavors: r-devel-linux-x86_64-debian-clang, r-devel-linux-x86_64-debian-gcc, r-devel-linux-x86_64-fedora-clang, r-devel-linux-x86_64-fedora-gcc, r-devel-windows-x86_64, r-patched-linux-x86_64, r-patched-solaris-x86, r-release-linux-x86_64, r-release-macos-arm64, r-release-macos-x86_64, r-release-windows-ix86+x86_64

Version: 0.2.4
Check: whether package can be installed
Result: ERROR
    Installation failed.
Flavor: r-devel-windows-x86_64-gcc10-UCRT