CRAN Package Check Results for Package formattable

Last updated on 2021-10-27 07:56:07 CEST.

Flavor Version Tinstall Tcheck Ttotal Status Flags
r-devel-linux-x86_64-debian-clang 0.2.1 3.51 41.80 45.31 NOTE
r-devel-linux-x86_64-debian-gcc 0.2.1 3.02 32.69 35.71 NOTE
r-devel-linux-x86_64-fedora-clang 0.2.1 64.48 NOTE
r-devel-linux-x86_64-fedora-gcc 0.2.1 55.01 NOTE
r-devel-windows-x86_64 0.2.1 7.00 73.00 80.00 NOTE
r-devel-windows-x86_64-gcc10-UCRT 0.2.1 NOTE
r-patched-linux-x86_64 0.2.1 3.82 41.77 45.59 NOTE
r-patched-solaris-x86 0.2.1 79.20 NOTE
r-release-linux-x86_64 0.2.1 3.82 42.07 45.89 NOTE
r-release-macos-arm64 0.2.1 NOTE
r-release-macos-x86_64 0.2.1 NOTE
r-release-windows-ix86+x86_64 0.2.1 6.00 69.00 75.00 NOTE
r-oldrel-macos-x86_64 0.2.1 OK
r-oldrel-windows-ix86+x86_64 0.2.1 10.00 67.00 77.00 OK

Check Details

Version: 0.2.1
Check: LazyData
Result: NOTE
     'LazyData' is specified without a 'data' directory
Flavors: r-devel-linux-x86_64-debian-clang, r-devel-linux-x86_64-debian-gcc, r-devel-linux-x86_64-fedora-clang, r-devel-linux-x86_64-fedora-gcc, r-devel-windows-x86_64, r-devel-windows-x86_64-gcc10-UCRT, r-patched-linux-x86_64, r-patched-solaris-x86, r-release-linux-x86_64, r-release-macos-arm64, r-release-macos-x86_64, r-release-windows-ix86+x86_64