CRAN Package Check Results for Package forestr

Last updated on 2021-06-18 07:48:09 CEST.

Flavor Version Tinstall Tcheck Ttotal Status Flags
r-devel-linux-x86_64-debian-clang 2.0.2 4.34 38.56 42.90 OK
r-devel-linux-x86_64-debian-gcc 2.0.2 3.61 29.33 32.94 OK
r-devel-linux-x86_64-fedora-clang 2.0.2 59.46 NOTE
r-devel-linux-x86_64-fedora-gcc 2.0.2 48.10 NOTE
r-devel-windows-x86_64 2.0.2 8.00 58.00 66.00 OK
r-devel-windows-x86_64-gcc10-UCRT 2.0.2 NOTE
r-patched-linux-x86_64 2.0.2 5.26 36.29 41.55 OK
r-patched-solaris-x86 2.0.2 75.60 NOTE
r-release-linux-x86_64 2.0.2 3.51 36.72 40.23 OK
r-release-macos-arm64 2.0.2 NOTE
r-release-macos-x86_64 2.0.2 NOTE
r-release-windows-ix86+x86_64 2.0.2 10.00 55.00 65.00 OK
r-oldrel-macos-x86_64 2.0.2 NOTE
r-oldrel-windows-ix86+x86_64 2.0.2 6.00 57.00 63.00 OK

Check Details

Version: 2.0.2
Check: dependencies in R code
Result: NOTE
    Namespaces in Imports field not imported from:
     ‘tibble’ ‘viridis’
     All declared Imports should be used.
Flavors: r-devel-linux-x86_64-fedora-clang, r-devel-linux-x86_64-fedora-gcc, r-devel-windows-x86_64-gcc10-UCRT, r-patched-solaris-x86, r-release-macos-arm64, r-release-macos-x86_64, r-oldrel-macos-x86_64