CRAN Package Check Results for Package forestmodel

Last updated on 2021-09-19 07:50:18 CEST.

Flavor Version Tinstall Tcheck Ttotal Status Flags
r-devel-linux-x86_64-debian-clang 0.6.2 5.64 58.04 63.68 NOTE
r-devel-linux-x86_64-debian-gcc 0.6.2 5.10 42.73 47.83 NOTE
r-devel-linux-x86_64-fedora-clang 0.6.2 82.11 NOTE
r-devel-linux-x86_64-fedora-gcc 0.6.2 70.77 NOTE
r-devel-windows-x86_64 0.6.2 10.00 74.00 84.00 NOTE
r-devel-windows-x86_64-gcc10-UCRT 0.6.2 ERROR
r-patched-linux-x86_64 0.6.2 6.40 53.44 59.84 NOTE
r-patched-solaris-x86 0.6.2 99.70 NOTE
r-release-linux-x86_64 0.6.2 5.31 53.77 59.08 NOTE
r-release-macos-arm64 0.6.2 NOTE
r-release-macos-x86_64 0.6.2 NOTE
r-release-windows-ix86+x86_64 0.6.2 15.00 52.00 67.00 NOTE
r-oldrel-macos-x86_64 0.6.2 OK
r-oldrel-windows-ix86+x86_64 0.6.2 15.00 58.00 73.00 OK

Check Details

Version: 0.6.2
Check: LazyData
Result: NOTE
     'LazyData' is specified without a 'data' directory
Flavors: r-devel-linux-x86_64-debian-clang, r-devel-linux-x86_64-debian-gcc, r-devel-linux-x86_64-fedora-clang, r-devel-linux-x86_64-fedora-gcc, r-devel-windows-x86_64, r-devel-windows-x86_64-gcc10-UCRT, r-patched-linux-x86_64, r-patched-solaris-x86, r-release-linux-x86_64, r-release-macos-arm64, r-release-macos-x86_64, r-release-windows-ix86+x86_64

Version: 0.6.2
Check: whether package can be installed
Result: WARN
    Found the following significant warnings:
     WARNING: installation-time patches will not be applied, could not get the patches index
Flavor: r-devel-windows-x86_64-gcc10-UCRT

Version: 0.6.2
Check: PDF version of manual
Result: WARN
    LaTeX errors when creating PDF version.
    This typically indicates Rd problems.
Flavor: r-devel-windows-x86_64-gcc10-UCRT

Version: 0.6.2
Check: PDF version of manual without hyperrefs or index
Result: ERROR
    Re-running with no redirection of stdout/stderr.
Flavor: r-devel-windows-x86_64-gcc10-UCRT