CRAN Package Check Results for Package flars

Last updated on 2021-11-26 08:51:26 CET.

Flavor Version Tinstall Tcheck Ttotal Status Flags
r-devel-linux-x86_64-debian-clang 1.0 45.29 93.51 138.80 OK
r-devel-linux-x86_64-debian-gcc 1.0 31.21 74.53 105.74 OK
r-devel-linux-x86_64-fedora-clang 1.0 194.53 NOTE
r-devel-linux-x86_64-fedora-gcc 1.0 175.04 NOTE
r-devel-windows-x86_64-new-UL 1.0 68.00 164.00 232.00 OK
r-devel-windows-x86_64-new-TK 1.0 OK
r-devel-windows-x86_64-old 1.0 54.00 142.00 196.00 OK
r-patched-linux-x86_64 1.0 37.40 93.28 130.68 OK
r-patched-solaris-x86 1.0 233.30 OK
r-release-linux-x86_64 1.0 OK
r-release-macos-arm64 1.0 OK
r-release-macos-x86_64 1.0 OK
r-release-windows-ix86+x86_64 1.0 117.00 131.00 248.00 OK
r-oldrel-macos-x86_64 1.0 OK
r-oldrel-windows-ix86+x86_64 1.0 118.00 180.00 298.00 OK

Check Details

Version: 1.0
Check: compiled code
Result: NOTE
    File ‘flars/libs/flars.so’:
     Found no calls to: ‘R_registerRoutines’, ‘R_useDynamicSymbols’
    
    It is good practice to register native routines and to disable symbol
    search.
    
    See ‘Writing portable packages’ in the ‘Writing R Extensions’ manual.
Flavors: r-devel-linux-x86_64-fedora-clang, r-devel-linux-x86_64-fedora-gcc