CRAN Package Check Results for Package fixerapi

Last updated on 2021-06-15 08:49:54 CEST.

Flavor Version Tinstall Tcheck Ttotal Status Flags
r-devel-linux-x86_64-debian-clang 0.1.6 4.28 45.43 49.71 NOTE
r-devel-linux-x86_64-debian-gcc 0.1.6 3.33 34.35 37.68 NOTE
r-devel-linux-x86_64-fedora-clang 0.1.6 67.27 NOTE
r-devel-linux-x86_64-fedora-gcc 0.1.6 57.87 NOTE
r-devel-windows-x86_64 0.1.6 8.00 61.00 69.00 NOTE
r-devel-windows-x86_64-gcc10-UCRT 0.1.6 NOTE
r-patched-linux-x86_64 0.1.6 3.82 42.31 46.13 NOTE
r-patched-solaris-x86 0.1.6 84.30 NOTE
r-release-linux-x86_64 0.1.6 2.87 42.18 45.05 NOTE
r-release-macos-arm64 0.1.6 NOTE
r-release-macos-x86_64 0.1.6 NOTE
r-release-windows-ix86+x86_64 0.1.6 11.00 62.00 73.00 NOTE
r-oldrel-macos-x86_64 0.1.6 OK
r-oldrel-windows-ix86+x86_64 0.1.6 13.00 63.00 76.00 OK

Check Details

Version: 0.1.6
Check: LazyData
Result: NOTE
     'LazyData' is specified without a 'data' directory
Flavors: r-devel-linux-x86_64-debian-clang, r-devel-linux-x86_64-debian-gcc, r-devel-linux-x86_64-fedora-clang, r-devel-linux-x86_64-fedora-gcc, r-devel-windows-x86_64, r-devel-windows-x86_64-gcc10-UCRT, r-patched-linux-x86_64, r-patched-solaris-x86, r-release-linux-x86_64, r-release-macos-arm64, r-release-macos-x86_64, r-release-windows-ix86+x86_64