CRAN Package Check Results for Package fivethirtyeight

Last updated on 2021-06-14 07:48:36 CEST.

Flavor Version Tinstall Tcheck Ttotal Status Flags
r-devel-linux-x86_64-debian-clang 0.6.1 8.54 59.37 67.91 NOTE
r-devel-linux-x86_64-debian-gcc 0.6.1 7.00 46.94 53.94 NOTE
r-devel-linux-x86_64-fedora-clang 0.6.1 96.82 NOTE
r-devel-linux-x86_64-fedora-gcc 0.6.1 83.16 NOTE
r-devel-windows-x86_64 0.6.1 15.00 86.00 101.00 NOTE
r-devel-windows-x86_64-gcc10-UCRT 0.6.1 NOTE
r-patched-linux-x86_64 0.6.1 9.72 57.59 67.31 NOTE
r-patched-solaris-x86 0.6.1 114.70 NOTE
r-release-linux-x86_64 0.6.1 7.56 57.39 64.95 NOTE
r-release-macos-arm64 0.6.1 NOTE
r-release-macos-x86_64 0.6.1 NOTE
r-release-windows-ix86+x86_64 0.6.1 14.00 87.00 101.00 NOTE
r-oldrel-macos-x86_64 0.6.1 NOTE
r-oldrel-windows-ix86+x86_64 0.6.1 13.00 86.00 99.00 NOTE

Check Details

Version: 0.6.1
Check: package dependencies
Result: NOTE
    Package suggested but not available for checking: 'fivethirtyeightdata'
Flavors: r-devel-linux-x86_64-debian-clang, r-devel-linux-x86_64-debian-gcc, r-devel-linux-x86_64-fedora-clang, r-devel-linux-x86_64-fedora-gcc, r-devel-windows-x86_64, r-devel-windows-x86_64-gcc10-UCRT, r-patched-linux-x86_64, r-patched-solaris-x86, r-release-linux-x86_64, r-release-macos-arm64, r-release-macos-x86_64, r-release-windows-ix86+x86_64, r-oldrel-macos-x86_64, r-oldrel-windows-ix86+x86_64

Version: 0.6.1
Check: Rd cross-references
Result: NOTE
    Package unavailable to check Rd xrefs: 'fivethirtyeightdata'
Flavors: r-devel-linux-x86_64-debian-clang, r-devel-linux-x86_64-debian-gcc, r-devel-linux-x86_64-fedora-clang, r-devel-linux-x86_64-fedora-gcc, r-devel-windows-x86_64, r-devel-windows-x86_64-gcc10-UCRT, r-patched-linux-x86_64, r-patched-solaris-x86, r-release-linux-x86_64, r-release-macos-arm64, r-release-macos-x86_64, r-release-windows-ix86+x86_64, r-oldrel-macos-x86_64, r-oldrel-windows-ix86+x86_64

Version: 0.6.1
Check: installed package size
Result: NOTE
     installed size is 5.0Mb
     sub-directories of 1Mb or more:
     data 3.8Mb
Flavors: r-devel-linux-x86_64-fedora-clang, r-patched-solaris-x86

Version: 0.6.1
Check: data for non-ASCII characters
Result: NOTE
     Note: found 584 marked UTF-8 strings
Flavors: r-devel-linux-x86_64-fedora-clang, r-devel-linux-x86_64-fedora-gcc, r-devel-windows-x86_64-gcc10-UCRT, r-patched-solaris-x86, r-release-macos-arm64, r-release-macos-x86_64, r-oldrel-macos-x86_64