CRAN Package Check Results for Package fitzRoy

Last updated on 2021-06-22 07:49:27 CEST.

Flavor Version Tinstall Tcheck Ttotal Status Flags
r-devel-linux-x86_64-debian-clang 1.0.0 6.37 66.19 72.56 NOTE
r-devel-linux-x86_64-debian-gcc 1.0.0 5.59 50.97 56.56 NOTE
r-devel-linux-x86_64-fedora-clang 1.0.0 95.56 NOTE
r-devel-linux-x86_64-fedora-gcc 1.0.0 88.35 NOTE
r-devel-windows-x86_64 1.0.0 11.00 68.00 79.00 NOTE
r-devel-windows-x86_64-gcc10-UCRT 1.0.0 ERROR
r-patched-linux-x86_64 1.0.0 6.78 62.72 69.50 NOTE
r-patched-solaris-x86 1.0.0 120.70 NOTE
r-release-linux-x86_64 1.0.0 6.27 62.38 68.65 NOTE
r-release-macos-arm64 1.0.0 NOTE
r-release-macos-x86_64 1.0.0 NOTE
r-release-windows-ix86+x86_64 1.0.0 14.00 83.00 97.00 NOTE
r-oldrel-macos-x86_64 1.0.0 OK

Check Details

Version: 1.0.0
Check: LazyData
Result: NOTE
     'LazyData' is specified without a 'data' directory
Flavors: r-devel-linux-x86_64-debian-clang, r-devel-linux-x86_64-debian-gcc, r-devel-linux-x86_64-fedora-clang, r-devel-linux-x86_64-fedora-gcc, r-devel-windows-x86_64, r-patched-linux-x86_64, r-patched-solaris-x86, r-release-linux-x86_64, r-release-macos-arm64, r-release-macos-x86_64, r-release-windows-ix86+x86_64

Version: 1.0.0
Check: package dependencies
Result: ERROR
    Packages required but not available: 'httr', 'rvest'
    
    Packages suggested but not available for checking: 'covr', 'curl'
    
    See section 'The DESCRIPTION file' in the 'Writing R Extensions'
    manual.
Flavor: r-devel-windows-x86_64-gcc10-UCRT