CRAN Package Check Results for Package fitbitViz

Last updated on 2021-10-27 07:56:07 CEST.

Flavor Version Tinstall Tcheck Ttotal Status Flags
r-devel-linux-x86_64-debian-clang 1.0.2 35.78 329.39 365.17 OK
r-devel-linux-x86_64-debian-gcc 1.0.2 27.51 243.83 271.34 OK
r-devel-linux-x86_64-fedora-clang 1.0.2 439.42 NOTE
r-devel-linux-x86_64-fedora-gcc 1.0.2 432.96 OK
r-devel-windows-x86_64 1.0.2 51.00 373.00 424.00 NOTE
r-devel-windows-x86_64-gcc10-UCRT 1.0.2 OK
r-patched-linux-x86_64 1.0.2 30.72 317.62 348.34 OK
r-patched-solaris-x86 1.0.2 489.40 WARN
r-release-linux-x86_64 1.0.2 35.12 315.11 350.23 OK
r-release-macos-arm64 1.0.2 NOTE
r-release-macos-x86_64 1.0.2 WARN
r-release-windows-ix86+x86_64 1.0.2 62.00 371.00 433.00 NOTE
r-oldrel-macos-x86_64 1.0.2 WARN
r-oldrel-windows-ix86+x86_64 1.0.2 52.00 230.00 282.00 NOTE

Check Details

Version: 1.0.2
Check: package dependencies
Result: NOTE
    Imports includes 25 non-default packages.
    Importing from so many packages makes the package vulnerable to any of
    them becoming unavailable. Move as many as possible to Suggests and
    use conditionally.
Flavor: r-devel-linux-x86_64-fedora-clang

Version: 1.0.2
Check: installed package size
Result: NOTE
     installed size is 5.6Mb
     sub-directories of 1Mb or more:
     doc 4.4Mb
Flavors: r-devel-linux-x86_64-fedora-clang, r-devel-windows-x86_64, r-patched-solaris-x86, r-release-macos-arm64, r-release-macos-x86_64, r-release-windows-ix86+x86_64, r-oldrel-macos-x86_64, r-oldrel-windows-ix86+x86_64

Version: 1.0.2
Check: re-building of vignette outputs
Result: WARN
    Error(s) in re-building vignettes:
     ...
    --- re-building ‘fitbit_viz.Rmd’ using rmarkdown
    Pandoc is required to build R Markdown vignettes but not available. Please make sure it is installed.
    Quitting from lines 157-173 (fitbit_viz.Rmd)
    Error: processing vignette 'fitbit_viz.Rmd' failed with diagnostics:
    there is no package called 'webshot'
    --- failed re-building ‘fitbit_viz.Rmd’
    
    SUMMARY: processing the following file failed:
     ‘fitbit_viz.Rmd’
    
    Error: Vignette re-building failed.
    Execution halted
Flavor: r-patched-solaris-x86

Version: 1.0.2
Check: re-building of vignette outputs
Result: WARN
    Error(s) in re-building vignettes:
     ...
    --- re-building ‘fitbit_viz.Rmd’ using rmarkdown
    Warning in engine$weave(file, quiet = quiet, encoding = enc) :
     Pandoc (>= 1.12.3) not available. Falling back to R Markdown v1.
    PhantomJS not found. You can install it with webshot::install_phantomjs(). If it is installed, please make sure the phantomjs executable can be found via the PATH variable.
    PhantomJS not found. You can install it with webshot::install_phantomjs(). If it is installed, please make sure the phantomjs executable can be found via the PATH variable.
    Quitting from lines 157-173 (fitbit_viz.Rmd)
    Error: processing vignette 'fitbit_viz.Rmd' failed with diagnostics:
    invalid 'path' argument
    --- failed re-building ‘fitbit_viz.Rmd’
    
    SUMMARY: processing the following file failed:
     ‘fitbit_viz.Rmd’
    
    Error: Vignette re-building failed.
    Execution halted
Flavors: r-release-macos-x86_64, r-oldrel-macos-x86_64