CRAN Package Check Results for Package fitbitScraper

Last updated on 2021-05-11 07:47:49 CEST.

Flavor Version Tinstall Tcheck Ttotal Status Flags
r-devel-linux-x86_64-debian-clang 0.1.8 2.32 22.60 24.92 NOTE --no-vignettes
r-devel-linux-x86_64-debian-gcc 0.1.8 1.83 18.23 20.06 NOTE --no-vignettes
r-devel-linux-x86_64-fedora-clang 0.1.8 40.08 NOTE --no-vignettes
r-devel-linux-x86_64-fedora-gcc 0.1.8 29.22 NOTE --no-vignettes
r-devel-windows-x86_64-gcc10-UCRT 0.1.8 WARN
r-patched-linux-x86_64 0.1.8 2.45 22.50 24.95 NOTE --no-vignettes
r-patched-solaris-x86 0.1.8 47.30 NOTE --no-vignettes
r-release-linux-x86_64 0.1.8 2.20 22.08 24.28 OK --no-vignettes
r-release-macos-x86_64 0.1.8 WARN
r-release-windows-ix86+x86_64 0.1.8 5.00 29.00 34.00 OK --no-vignettes
r-oldrel-macos-x86_64 0.1.8 WARN
r-oldrel-windows-ix86+x86_64 0.1.8 4.00 31.00 35.00 OK --no-vignettes

Check Details

Version: 0.1.8
Flags: --no-vignettes
Check: LazyData
Result: NOTE
     'LazyData' is specified without a 'data' directory
Flavors: r-devel-linux-x86_64-debian-clang, r-devel-linux-x86_64-debian-gcc, r-devel-linux-x86_64-fedora-clang, r-devel-linux-x86_64-fedora-gcc, r-patched-linux-x86_64, r-patched-solaris-x86

Version: 0.1.8
Check: LazyData
Result: NOTE
     'LazyData' is specified without a 'data' directory
Flavor: r-devel-windows-x86_64-gcc10-UCRT

Version: 0.1.8
Check: re-building of vignette outputs
Result: WARN
    Error(s) in re-building vignettes:
     ...
    --- re-building 'fitbitScraper-examples.Rmd' using rmarkdown
    Quitting from lines 22-24 (fitbitScraper-examples.Rmd)
    Error: processing vignette 'fitbitScraper-examples.Rmd' failed with diagnostics:
    login failed
    --- failed re-building 'fitbitScraper-examples.Rmd'
    
    SUMMARY: processing the following file failed:
     'fitbitScraper-examples.Rmd'
    
    Error: Vignette re-building failed.
    Execution halted
Flavor: r-devel-windows-x86_64-gcc10-UCRT

Version: 0.1.8
Check: re-building of vignette outputs
Result: WARN
    Error(s) in re-building vignettes:
     ...
    --- re-building ‘fitbitScraper-examples.Rmd’ using rmarkdown
    Warning in engine$weave(file, quiet = quiet, encoding = enc) :
     Pandoc (>= 1.12.3) and/or pandoc-citeproc not available. Falling back to R Markdown v1.
    Quitting from lines 22-24 (fitbitScraper-examples.Rmd)
    Error: processing vignette 'fitbitScraper-examples.Rmd' failed with diagnostics:
    login failed
    --- failed re-building ‘fitbitScraper-examples.Rmd’
    
    SUMMARY: processing the following file failed:
     ‘fitbitScraper-examples.Rmd’
    
    Error: Vignette re-building failed.
    Execution halted
Flavors: r-release-macos-x86_64, r-oldrel-macos-x86_64