CRAN Package Check Results for Package fishflux

Last updated on 2021-07-31 07:50:40 CEST.

Flavor Version Tinstall Tcheck Ttotal Status Flags
r-devel-linux-x86_64-debian-clang 0.0.1.4 243.74 184.20 427.94 NOTE
r-devel-linux-x86_64-debian-gcc 0.0.1.4 201.88 144.02 345.90 NOTE
r-devel-linux-x86_64-fedora-clang 0.0.1.4 571.45 NOTE
r-devel-linux-x86_64-fedora-gcc 0.0.1.4 581.46 NOTE
r-devel-windows-x86_64 0.0.1.4 245.00 238.00 483.00 NOTE
r-devel-windows-x86_64-gcc10-UCRT 0.0.1.4 NOTE
r-patched-linux-x86_64 0.0.1.4 NOTE
r-patched-solaris-x86 0.0.1.4 564.10 WARN
r-release-linux-x86_64 0.0.1.4 219.55 185.00 404.55 NOTE
r-release-macos-arm64 0.0.1.4 WARN
r-release-macos-x86_64 0.0.1.4 WARN
r-release-windows-ix86+x86_64 0.0.1.4 519.00 346.00 865.00 NOTE
r-oldrel-macos-x86_64 0.0.1.4 WARN
r-oldrel-windows-ix86+x86_64 0.0.1.4 448.00 349.00 797.00 NOTE

Check Details

Version: 0.0.1.4
Check: for GNU extensions in Makefiles
Result: NOTE
    GNU make is a SystemRequirements.
Flavors: r-devel-linux-x86_64-debian-clang, r-devel-linux-x86_64-debian-gcc, r-devel-linux-x86_64-fedora-clang, r-devel-linux-x86_64-fedora-gcc, r-devel-windows-x86_64, r-devel-windows-x86_64-gcc10-UCRT, r-patched-linux-x86_64, r-patched-solaris-x86, r-release-linux-x86_64, r-release-macos-arm64, r-release-macos-x86_64, r-release-windows-ix86+x86_64, r-oldrel-macos-x86_64, r-oldrel-windows-ix86+x86_64

Version: 0.0.1.4
Check: installed package size
Result: NOTE
     installed size is 39.4Mb
     sub-directories of 1Mb or more:
     libs 38.8Mb
Flavors: r-devel-linux-x86_64-fedora-clang, r-release-macos-arm64, r-release-macos-x86_64, r-release-windows-ix86+x86_64, r-oldrel-macos-x86_64, r-oldrel-windows-ix86+x86_64

Version: 0.0.1.4
Check: dependencies in R code
Result: NOTE
    Namespaces in Imports field not imported from:
     ‘RcppParallel’ ‘rstantools’
     All declared Imports should be used.
Flavors: r-devel-linux-x86_64-fedora-clang, r-devel-linux-x86_64-fedora-gcc, r-devel-windows-x86_64-gcc10-UCRT, r-patched-solaris-x86, r-release-macos-arm64, r-release-macos-x86_64, r-oldrel-macos-x86_64

Version: 0.0.1.4
Check: line endings in C/C++/Fortran sources/headers
Result: NOTE
    Found the following sources/headers with CR or CRLF line endings:
     src/RcppExports.cpp
     src/stanExports_cnpmodelmcmc.cc
     src/stanExports_cnpmodelmcmc.h
     src/stanExports_getB0.cc
     src/stanExports_getB0.h
    Some Unix compilers require LF line endings.
Flavor: r-devel-windows-x86_64-gcc10-UCRT

Version: 0.0.1.4
Check: re-building of vignette outputs
Result: WARN
    Error(s) in re-building vignettes:
     ...
    --- re-building ‘intro_to_fishflux.Rmd’ using rmarkdown
    Warning in engine$weave(file, quiet = quiet, encoding = enc) :
     Pandoc (>= 1.12.3) not available. Falling back to R Markdown v1.
    Quitting from lines 81-123 (intro_to_fishflux.Rmd)
    Error: processing vignette 'intro_to_fishflux.Rmd' failed with diagnostics:
    Please install either RStudio or Pandoc (https://pandoc.org)
    --- failed re-building ‘intro_to_fishflux.Rmd’
    
    SUMMARY: processing the following file failed:
     ‘intro_to_fishflux.Rmd’
    
    Error: Vignette re-building failed.
    Execution halted
Flavors: r-patched-solaris-x86, r-release-macos-arm64, r-release-macos-x86_64, r-oldrel-macos-x86_64