CRAN Package Check Results for Package fipe

Last updated on 2021-06-15 08:49:54 CEST.

Flavor Version Tinstall Tcheck Ttotal Status Flags
r-devel-linux-x86_64-debian-clang 0.0.1 2.08 21.75 23.83 NOTE
r-devel-linux-x86_64-debian-gcc 0.0.1 1.65 17.70 19.35 NOTE
r-devel-linux-x86_64-fedora-clang 0.0.1 38.11 NOTE
r-devel-linux-x86_64-fedora-gcc 0.0.1 27.98 NOTE
r-devel-windows-x86_64 0.0.1 4.00 37.00 41.00 NOTE
r-devel-windows-x86_64-gcc10-UCRT 0.0.1 NOTE
r-patched-linux-x86_64 0.0.1 2.17 21.56 23.73 NOTE
r-patched-solaris-x86 0.0.1 47.20 NOTE
r-release-linux-x86_64 0.0.1 1.61 21.30 22.91 NOTE
r-release-macos-arm64 0.0.1 NOTE
r-release-macos-x86_64 0.0.1 NOTE
r-release-windows-ix86+x86_64 0.0.1 5.00 37.00 42.00 NOTE
r-oldrel-macos-x86_64 0.0.1 OK
r-oldrel-windows-ix86+x86_64 0.0.1 7.00 37.00 44.00 OK

Additional issues

donttest

Check Details

Version: 0.0.1
Check: LazyData
Result: NOTE
     'LazyData' is specified without a 'data' directory
Flavors: r-devel-linux-x86_64-debian-clang, r-devel-linux-x86_64-debian-gcc, r-devel-linux-x86_64-fedora-clang, r-devel-linux-x86_64-fedora-gcc, r-devel-windows-x86_64, r-devel-windows-x86_64-gcc10-UCRT, r-patched-linux-x86_64, r-patched-solaris-x86, r-release-linux-x86_64, r-release-macos-arm64, r-release-macos-x86_64, r-release-windows-ix86+x86_64