CRAN Package Check Results for Package finetune

Last updated on 2021-09-18 08:50:43 CEST.

Flavor Version Tinstall Tcheck Ttotal Status Flags
r-devel-linux-x86_64-debian-clang 0.1.0 15.46 282.30 297.76 OK
r-devel-linux-x86_64-debian-gcc 0.1.0 12.32 215.02 227.34 OK
r-devel-linux-x86_64-fedora-clang 0.1.0 349.85 NOTE
r-devel-linux-x86_64-fedora-gcc 0.1.0 354.69 NOTE
r-devel-windows-x86_64 0.1.0 17.00 316.00 333.00 OK
r-devel-windows-x86_64-gcc10-UCRT 0.1.0 NOTE
r-patched-linux-x86_64 0.1.0 18.93 263.23 282.16 OK
r-patched-solaris-x86 0.1.0 477.90 NOTE
r-release-linux-x86_64 0.1.0 14.56 262.33 276.89 OK
r-release-macos-arm64 0.1.0 NOTE
r-release-macos-x86_64 0.1.0 NOTE
r-release-windows-ix86+x86_64 0.1.0 35.00 246.00 281.00 OK
r-oldrel-macos-x86_64 0.1.0 NOTE
r-oldrel-windows-ix86+x86_64 0.1.0 37.00 315.00 352.00 OK

Check Details

Version: 0.1.0
Check: dependencies in R code
Result: NOTE
    Namespaces in Imports field not imported from:
     ‘ranger’ ‘yardstick’
     All declared Imports should be used.
Flavors: r-devel-linux-x86_64-fedora-clang, r-devel-linux-x86_64-fedora-gcc, r-devel-windows-x86_64-gcc10-UCRT, r-patched-solaris-x86, r-release-macos-arm64, r-release-macos-x86_64, r-oldrel-macos-x86_64