CRAN Package Check Results for Package fgm

Last updated on 2021-07-24 07:49:24 CEST.

Flavor Version Tinstall Tcheck Ttotal Status Flags
r-devel-linux-x86_64-debian-clang 1.0 10.31 97.25 107.56 NOTE
r-devel-linux-x86_64-debian-gcc 1.0 9.13 72.27 81.40 NOTE
r-devel-linux-x86_64-fedora-clang 1.0 134.28 NOTE
r-devel-linux-x86_64-fedora-gcc 1.0 121.06 NOTE
r-devel-windows-x86_64 1.0 13.00 87.00 100.00 NOTE
r-devel-windows-x86_64-gcc10-UCRT 1.0 NOTE
r-patched-linux-x86_64 1.0 8.75 91.58 100.33 NOTE
r-patched-solaris-x86 1.0 185.90 NOTE
r-release-linux-x86_64 1.0 9.87 90.77 100.64 NOTE
r-release-macos-arm64 1.0 NOTE
r-release-macos-x86_64 1.0 NOTE
r-release-windows-ix86+x86_64 1.0 27.00 84.00 111.00 NOTE
r-oldrel-macos-x86_64 1.0 OK
r-oldrel-windows-ix86+x86_64 1.0 31.00 117.00 148.00 OK

Check Details

Version: 1.0
Check: LazyData
Result: NOTE
     'LazyData' is specified without a 'data' directory
Flavors: r-devel-linux-x86_64-debian-clang, r-devel-linux-x86_64-debian-gcc, r-devel-linux-x86_64-fedora-clang, r-devel-linux-x86_64-fedora-gcc, r-devel-windows-x86_64, r-devel-windows-x86_64-gcc10-UCRT, r-patched-linux-x86_64, r-patched-solaris-x86, r-release-linux-x86_64, r-release-macos-arm64, r-release-macos-x86_64, r-release-windows-ix86+x86_64