CRAN Package Check Results for Package ffscrapr

Last updated on 2021-06-24 07:50:10 CEST.

Flavor Version Tinstall Tcheck Ttotal Status Flags
r-devel-linux-x86_64-debian-clang 1.4.3 8.06 272.90 280.96 OK
r-devel-linux-x86_64-debian-gcc 1.4.3 6.27 198.09 204.36 OK
r-devel-linux-x86_64-fedora-clang 1.4.3 326.50 OK
r-devel-linux-x86_64-fedora-gcc 1.4.3 340.92 OK
r-devel-windows-x86_64 1.4.3 12.00 339.00 351.00 OK
r-devel-windows-x86_64-gcc10-UCRT 1.4.3 ERROR
r-patched-linux-x86_64 1.4.3 8.95 262.18 271.13 OK
r-patched-solaris-x86 1.4.3 370.90 OK
r-release-linux-x86_64 1.4.3 7.27 258.94 266.21 OK
r-release-macos-arm64 1.4.3 OK
r-release-macos-x86_64 1.4.3 OK
r-release-windows-ix86+x86_64 1.4.3 10.00 274.00 284.00 OK
r-oldrel-macos-x86_64 1.4.3 OK

Check Details

Version: 1.4.3
Check: package dependencies
Result: ERROR
    Package required but not available: 'httr'
    
    Packages suggested but not available for checking:
     'covr', 'curl', 'httptest'
    
    See section 'The DESCRIPTION file' in the 'Writing R Extensions'
    manual.
Flavor: r-devel-windows-x86_64-gcc10-UCRT