CRAN Package Check Results for Package fdasrvf

Last updated on 2021-10-24 07:57:18 CEST.

Flavor Version Tinstall Tcheck Ttotal Status Flags
r-devel-linux-x86_64-debian-clang 1.9.7 95.85 228.46 324.31 OK
r-devel-linux-x86_64-debian-gcc 1.9.7 66.43 169.28 235.71 OK
r-devel-linux-x86_64-fedora-clang 1.9.7 431.13 NOTE
r-devel-linux-x86_64-fedora-gcc 1.9.7 394.08 OK
r-devel-windows-x86_64 1.9.7 125.00 278.00 403.00 OK
r-devel-windows-x86_64-gcc10-UCRT 1.9.7 OK
r-patched-linux-x86_64 1.9.7 86.44 219.82 306.26 OK
r-patched-solaris-x86 1.9.7 474.10 OK
r-release-linux-x86_64 1.9.7 77.24 222.51 299.75 OK
r-release-macos-arm64 1.9.7 NOTE
r-release-macos-x86_64 1.9.7 NOTE
r-release-windows-ix86+x86_64 1.9.7 164.00 400.00 564.00 NOTE
r-oldrel-macos-x86_64 1.9.7 NOTE
r-oldrel-windows-ix86+x86_64 1.9.7 221.00 394.00 615.00 NOTE

Check Details

Version: 1.9.7
Check: installed package size
Result: NOTE
     installed size is 5.8Mb
     sub-directories of 1Mb or more:
     data 2.3Mb
     libs 2.9Mb
Flavors: r-devel-linux-x86_64-fedora-clang, r-release-macos-arm64, r-release-macos-x86_64, r-release-windows-ix86+x86_64, r-oldrel-macos-x86_64, r-oldrel-windows-ix86+x86_64