CRAN Package Check Results for Package fakeR

Last updated on 2021-07-24 07:49:24 CEST.

Flavor Version Tinstall Tcheck Ttotal Status Flags
r-devel-linux-x86_64-debian-clang 1.0 3.56 45.34 48.90 NOTE
r-devel-linux-x86_64-debian-gcc 1.0 3.12 36.12 39.24 NOTE
r-devel-linux-x86_64-fedora-clang 1.0 68.12 OK
r-devel-linux-x86_64-fedora-gcc 1.0 58.01 OK
r-devel-windows-x86_64 1.0 6.00 52.00 58.00 NOTE
r-devel-windows-x86_64-gcc10-UCRT 1.0 OK
r-patched-linux-x86_64 1.0 4.14 43.83 47.97 NOTE
r-patched-solaris-x86 1.0 88.50 OK
r-release-linux-x86_64 1.0 3.93 43.63 47.56 NOTE
r-release-macos-arm64 1.0 OK
r-release-macos-x86_64 1.0 OK
r-release-windows-ix86+x86_64 1.0 10.00 48.00 58.00 NOTE
r-oldrel-macos-x86_64 1.0 OK
r-oldrel-windows-ix86+x86_64 1.0 10.00 67.00 77.00 NOTE

Check Details

Version: 1.0
Check: package vignettes
Result: NOTE
    Package vignette with placeholder title 'Vignette Title':
     'my-vignette.Rmd'
Flavors: r-devel-linux-x86_64-debian-clang, r-devel-linux-x86_64-debian-gcc, r-devel-windows-x86_64, r-patched-linux-x86_64, r-release-linux-x86_64, r-release-windows-ix86+x86_64, r-oldrel-windows-ix86+x86_64