CRAN Package Check Results for Package fable

Last updated on 2021-06-14 07:48:36 CEST.

Flavor Version Tinstall Tcheck Ttotal Status Flags
r-devel-linux-x86_64-debian-clang 0.3.1 31.99 207.67 239.66 OK
r-devel-linux-x86_64-debian-gcc 0.3.1 22.12 150.13 172.25 OK
r-devel-linux-x86_64-fedora-clang 0.3.1 295.90 NOTE
r-devel-linux-x86_64-fedora-gcc 0.3.1 279.52 OK
r-devel-windows-x86_64 0.3.1 48.00 266.00 314.00 OK
r-devel-windows-x86_64-gcc10-UCRT 0.3.1 OK
r-patched-linux-x86_64 0.3.1 28.94 198.11 227.05 OK
r-patched-solaris-x86 0.3.1 345.70 OK
r-release-linux-x86_64 0.3.1 20.82 197.26 218.08 OK
r-release-macos-arm64 0.3.0 ERROR
r-release-macos-x86_64 0.3.1 OK
r-release-windows-ix86+x86_64 0.3.1 72.00 427.00 499.00 OK
r-oldrel-macos-x86_64 0.3.1 OK
r-oldrel-windows-ix86+x86_64 0.3.1 77.00 422.00 499.00 OK

Check Details

Version: 0.3.1
Check: Rd cross-references
Result: NOTE
    Undeclared package ‘lmtest’ in Rd xrefs
Flavor: r-devel-linux-x86_64-fedora-clang

Version: 0.3.0
Check: LazyData
Result: NOTE
     'LazyData' is specified without a 'data' directory
Flavor: r-release-macos-arm64

Version: 0.3.0
Check: tests
Result: ERROR
     Running ‘testthat.R’ [7s/8s]
    Running the tests in ‘tests/testthat.R’ failed.
    Last 13 lines of output:
     `... <- NULL` produced unexpected warnings.
     Expected match: Model specification induces a quadratic or higher order polynomial trend
     Actual values:
     * 1 error encountered for poly
     [1] cannot add binding of 'lag' to the base environment
    
     ── Failure (test-arima.R:130:3): ARIMA with bad inputs ─────────────────────────
     model_sum(fit$poly[[1]]) not identical to "ARIMA(2,1,0)(2,1,0)[12] w/ poly".
     1/1 mismatches
     x[1]: "NULL model"
     y[1]: "ARIMA(2,1,0)(2,1,0)[12] w/ poly"
    
     [ FAIL 12 | WARN 12 | SKIP 1 | PASS 88 ]
     Error: Test failures
     Execution halted
Flavor: r-release-macos-arm64