CRAN Package Check Results for Package fUnitRoots

Last updated on 2021-09-18 08:50:44 CEST.

Flavor Version Tinstall Tcheck Ttotal Status Flags
r-devel-linux-x86_64-debian-clang 3042.79 6.34 58.49 64.83 NOTE
r-devel-linux-x86_64-debian-gcc 3042.79 5.96 45.24 51.20 NOTE
r-devel-linux-x86_64-fedora-clang 3042.79 87.11 NOTE
r-devel-linux-x86_64-fedora-gcc 3042.79 71.35 NOTE
r-devel-windows-x86_64 3042.79 9.00 76.00 85.00 NOTE
r-devel-windows-x86_64-gcc10-UCRT 3042.79 NOTE
r-patched-linux-x86_64 3042.79 6.97 57.20 64.17 NOTE
r-patched-solaris-x86 3042.79 103.20 NOTE
r-release-linux-x86_64 3042.79 6.76 57.42 64.18 NOTE
r-release-macos-arm64 3042.79 NOTE
r-release-macos-x86_64 3042.79 NOTE
r-release-windows-ix86+x86_64 3042.79 17.00 70.00 87.00 NOTE
r-oldrel-macos-x86_64 3042.79 OK
r-oldrel-windows-ix86+x86_64 3042.79 17.00 68.00 85.00 OK

Check Details

Version: 3042.79
Check: LazyData
Result: NOTE
     'LazyData' is specified without a 'data' directory
Flavors: r-devel-linux-x86_64-debian-clang, r-devel-linux-x86_64-debian-gcc, r-devel-linux-x86_64-fedora-clang, r-devel-linux-x86_64-fedora-gcc, r-devel-windows-x86_64, r-devel-windows-x86_64-gcc10-UCRT, r-patched-linux-x86_64, r-patched-solaris-x86, r-release-linux-x86_64, r-release-macos-arm64, r-release-macos-x86_64, r-release-windows-ix86+x86_64

Version: 3042.79
Check: compiled code
Result: NOTE
    File ‘fUnitRoots/libs/fUnitRoots.so’:
     Found no calls to: ‘R_registerRoutines’, ‘R_useDynamicSymbols’
    
    It is good practice to register native routines and to disable symbol
    search.
    
    See ‘Writing portable packages’ in the ‘Writing R Extensions’ manual.
Flavors: r-devel-linux-x86_64-fedora-clang, r-devel-linux-x86_64-fedora-gcc