CRAN Package Check Results for Package fRegression

Last updated on 2021-09-26 07:50:07 CEST.

Flavor Version Tinstall Tcheck Ttotal Status Flags
r-devel-linux-x86_64-debian-clang 3042.82 9.24 65.12 74.36 NOTE
r-devel-linux-x86_64-debian-gcc 3042.82 5.76 51.26 57.02 NOTE
r-devel-linux-x86_64-fedora-clang 3042.82 95.27 NOTE
r-devel-linux-x86_64-fedora-gcc 3042.82 83.26 NOTE
r-devel-windows-x86_64 3042.82 12.00 65.00 77.00 NOTE
r-devel-windows-x86_64-gcc10-UCRT 3042.82 NOTE
r-patched-linux-x86_64 3042.82 6.93 62.39 69.32 NOTE
r-patched-solaris-x86 3042.82 119.40 NOTE
r-release-linux-x86_64 3042.82 7.13 62.48 69.61 NOTE
r-release-macos-arm64 3042.82 NOTE
r-release-macos-x86_64 3042.82 NOTE
r-release-windows-ix86+x86_64 3042.82 18.00 63.00 81.00 NOTE
r-oldrel-macos-x86_64 3042.82 OK
r-oldrel-windows-ix86+x86_64 3042.82 15.00 64.00 79.00 OK

Check Details

Version: 3042.82
Check: LazyData
Result: NOTE
     'LazyData' is specified without a 'data' directory
Flavors: r-devel-linux-x86_64-debian-clang, r-devel-linux-x86_64-debian-gcc, r-devel-linux-x86_64-fedora-clang, r-devel-linux-x86_64-fedora-gcc, r-devel-windows-x86_64, r-devel-windows-x86_64-gcc10-UCRT, r-patched-linux-x86_64, r-patched-solaris-x86, r-release-linux-x86_64, r-release-macos-arm64, r-release-macos-x86_64, r-release-windows-ix86+x86_64