CRAN Package Check Results for Package fNonlinear

Last updated on 2021-09-24 07:49:17 CEST.

Flavor Version Tinstall Tcheck Ttotal Status Flags
r-devel-linux-x86_64-debian-clang 3042.79 6.59 80.91 87.50 NOTE
r-devel-linux-x86_64-debian-gcc 3042.79 5.36 59.68 65.04 NOTE
r-devel-linux-x86_64-fedora-clang 3042.79 109.34 NOTE
r-devel-linux-x86_64-fedora-gcc 3042.79 99.55 NOTE
r-devel-windows-x86_64 3042.79 10.00 80.00 90.00 NOTE
r-devel-windows-x86_64-gcc10-UCRT 3042.79 NOTE
r-patched-linux-x86_64 3042.79 7.65 78.69 86.34 NOTE
r-patched-solaris-x86 3042.79 140.60 NOTE
r-release-linux-x86_64 3042.79 7.54 77.46 85.00 NOTE
r-release-macos-arm64 3042.79 NOTE
r-release-macos-x86_64 3042.79 NOTE
r-release-windows-ix86+x86_64 3042.79 18.00 102.00 120.00 NOTE
r-oldrel-macos-x86_64 3042.79 OK
r-oldrel-windows-ix86+x86_64 3042.79 14.00 106.00 120.00 OK

Check Details

Version: 3042.79
Check: LazyData
Result: NOTE
     'LazyData' is specified without a 'data' directory
Flavors: r-devel-linux-x86_64-debian-clang, r-devel-linux-x86_64-debian-gcc, r-devel-linux-x86_64-fedora-clang, r-devel-linux-x86_64-fedora-gcc, r-devel-windows-x86_64, r-devel-windows-x86_64-gcc10-UCRT, r-patched-linux-x86_64, r-patched-solaris-x86, r-release-linux-x86_64, r-release-macos-arm64, r-release-macos-x86_64, r-release-windows-ix86+x86_64

Version: 3042.79
Check: compiled code
Result: NOTE
    File ‘fNonlinear/libs/fNonlinear.so’:
     Found no calls to: ‘R_registerRoutines’, ‘R_useDynamicSymbols’
    
    It is good practice to register native routines and to disable symbol
    search.
    
    See ‘Writing portable packages’ in the ‘Writing R Extensions’ manual.
Flavors: r-devel-linux-x86_64-fedora-clang, r-devel-linux-x86_64-fedora-gcc