CRAN Package Check Results for Package fExoticOptions

Last updated on 2021-06-14 07:48:36 CEST.

Flavor Version Tinstall Tcheck Ttotal Status Flags
r-devel-linux-x86_64-debian-clang 3042.80 12.38 71.48 83.86 NOTE
r-devel-linux-x86_64-debian-gcc 3042.80 8.80 53.56 62.36 NOTE
r-devel-linux-x86_64-fedora-clang 3042.80 104.78 NOTE
r-devel-linux-x86_64-fedora-gcc 3042.80 96.83 NOTE
r-devel-windows-x86_64 3042.80 17.00 91.00 108.00 NOTE
r-devel-windows-x86_64-gcc10-UCRT 3042.80 NOTE
r-patched-linux-x86_64 3042.80 10.60 68.48 79.08 NOTE
r-patched-solaris-x86 3042.80 123.00 NOTE
r-release-linux-x86_64 3042.80 9.22 68.29 77.51 NOTE
r-release-macos-arm64 3042.80 NOTE
r-release-macos-x86_64 3042.80 NOTE
r-release-windows-ix86+x86_64 3042.80 14.00 87.00 101.00 NOTE
r-oldrel-macos-x86_64 3042.80 OK
r-oldrel-windows-ix86+x86_64 3042.80 14.00 83.00 97.00 OK

Check Details

Version: 3042.80
Check: LazyData
Result: NOTE
     'LazyData' is specified without a 'data' directory
Flavors: r-devel-linux-x86_64-debian-clang, r-devel-linux-x86_64-debian-gcc, r-devel-linux-x86_64-fedora-clang, r-devel-linux-x86_64-fedora-gcc, r-devel-windows-x86_64, r-devel-windows-x86_64-gcc10-UCRT, r-patched-linux-x86_64, r-patched-solaris-x86, r-release-linux-x86_64, r-release-macos-arm64, r-release-macos-x86_64, r-release-windows-ix86+x86_64