CRAN Package Check Results for Package fCopulae

Last updated on 2021-07-31 07:50:39 CEST.

Flavor Version Tinstall Tcheck Ttotal Status Flags
r-devel-linux-x86_64-debian-clang 3042.82.1 18.64 235.20 253.84 NOTE
r-devel-linux-x86_64-debian-gcc 3042.82.1 16.12 161.78 177.90 NOTE
r-devel-linux-x86_64-fedora-clang 3042.82.1 302.13 NOTE
r-devel-linux-x86_64-fedora-gcc 3042.82.1 293.85 NOTE
r-devel-windows-x86_64 3042.82.1 19.00 282.00 301.00 NOTE
r-devel-windows-x86_64-gcc10-UCRT 3042.82.1 NOTE
r-patched-linux-x86_64 3042.82.1 NOTE
r-patched-solaris-x86 3042.82.1 358.90 NOTE
r-release-linux-x86_64 3042.82.1 16.41 222.76 239.17 NOTE
r-release-macos-arm64 3042.82.1 NOTE
r-release-macos-x86_64 3042.82.1 NOTE
r-release-windows-ix86+x86_64 3042.82.1 33.00 222.00 255.00 NOTE
r-oldrel-macos-x86_64 3042.82.1 OK
r-oldrel-windows-ix86+x86_64 3042.82.1 23.00 280.00 303.00 OK

Check Details

Version: 3042.82.1
Check: LazyData
Result: NOTE
     'LazyData' is specified without a 'data' directory
Flavors: r-devel-linux-x86_64-debian-clang, r-devel-linux-x86_64-debian-gcc, r-devel-linux-x86_64-fedora-clang, r-devel-linux-x86_64-fedora-gcc, r-devel-windows-x86_64, r-devel-windows-x86_64-gcc10-UCRT, r-patched-linux-x86_64, r-patched-solaris-x86, r-release-linux-x86_64, r-release-macos-arm64, r-release-macos-x86_64, r-release-windows-ix86+x86_64