CRAN Package Check Results for Package ezEDA

Last updated on 2021-06-19 07:48:49 CEST.

Flavor Version Tinstall Tcheck Ttotal Status Flags
r-devel-linux-x86_64-debian-clang 0.1.0 6.45 113.48 119.93 ERROR
r-devel-linux-x86_64-debian-gcc 0.1.0 4.85 81.95 86.80 ERROR
r-devel-linux-x86_64-fedora-clang 0.1.0 145.42 ERROR
r-devel-linux-x86_64-fedora-gcc 0.1.0 107.11 ERROR
r-devel-windows-x86_64 0.1.0 9.00 139.00 148.00 NOTE
r-devel-windows-x86_64-gcc10-UCRT 0.1.0 ERROR
r-patched-linux-x86_64 0.1.0 6.12 104.37 110.49 ERROR
r-patched-solaris-x86 0.1.0 185.40 ERROR
r-release-linux-x86_64 0.1.0 5.20 104.23 109.43 ERROR
r-release-macos-arm64 0.1.0 NOTE
r-release-macos-x86_64 0.1.0 NOTE
r-release-windows-ix86+x86_64 0.1.0 15.00 133.00 148.00 NOTE
r-oldrel-macos-x86_64 0.1.0 OK
r-oldrel-windows-ix86+x86_64 0.1.0 10.00 133.00 143.00 OK

Check Details

Version: 0.1.0
Check: LazyData
Result: NOTE
     'LazyData' is specified without a 'data' directory
Flavors: r-devel-linux-x86_64-debian-clang, r-devel-linux-x86_64-debian-gcc, r-devel-linux-x86_64-fedora-clang, r-devel-linux-x86_64-fedora-gcc, r-devel-windows-x86_64, r-devel-windows-x86_64-gcc10-UCRT, r-patched-linux-x86_64, r-patched-solaris-x86, r-release-linux-x86_64, r-release-macos-arm64, r-release-macos-x86_64, r-release-windows-ix86+x86_64

Version: 0.1.0
Check: tests
Result: ERROR
     Running 'testthat.R' [3s/4s]
    Running the tests in 'tests/testthat.R' failed.
    Complete output:
     > library(testthat)
     > library(ezEDA)
     >
     > test_check("ezEDA")
     == Failed tests ================================================================
     -- Failure (test_category_tally.R:19:3): y axis is labeled 'count' -------------
     p$labels$y not identical to "count".
     Attributes: < Modes: list, NULL >
     Attributes: < Lengths: 1, 0 >
     Attributes: < names for target but not for current >
     Attributes: < current is not list-like >
     -- Failure (test_measure_distribution.R:29:3): y axis label is correct ---------
     p$labels$y not identical to "count".
     Attributes: < Modes: list, NULL >
     Attributes: < Lengths: 1, 0 >
     Attributes: < names for target but not for current >
     Attributes: < current is not list-like >
     -- Failure (test_measure_distribution.R:30:3): y axis label is correct ---------
     q$labels$y not identical to "count".
     Attributes: < Modes: list, NULL >
     Attributes: < Lengths: 1, 0 >
     Attributes: < names for target but not for current >
     Attributes: < current is not list-like >
     -- Failure (test_measure_distribution_by_category.R:29:3): y axis label is correct --
     p$labels$y not identical to "count".
     Attributes: < Modes: list, NULL >
     Attributes: < Lengths: 1, 0 >
     Attributes: < names for target but not for current >
     Attributes: < current is not list-like >
     -- Failure (test_measure_distribution_by_category.R:30:3): y axis label is correct --
     q$labels$y not identical to "count".
     Attributes: < Modes: list, NULL >
     Attributes: < Lengths: 1, 0 >
     Attributes: < names for target but not for current >
     Attributes: < current is not list-like >
     -- Failure (test_measure_distribution_by_two_caregories.R:19:3): y axis label is correct --
     p$labels$y not identical to "count".
     Attributes: < Modes: list, NULL >
     Attributes: < Lengths: 1, 0 >
     Attributes: < names for target but not for current >
     Attributes: < current is not list-like >
     -- Failure (test_measure_distribution_over_time.R:25:3): y axis is labeled 'count' --
     p$labels$y not identical to "count".
     Attributes: < Modes: list, NULL >
     Attributes: < Lengths: 1, 0 >
     Attributes: < names for target but not for current >
     Attributes: < current is not list-like >
     -- Failure (test_two_category_tally.R:19:3): y axis is labeled 'count' ---------
     p$labels$y not identical to "count".
     Attributes: < Modes: list, NULL >
     Attributes: < Lengths: 1, 0 >
     Attributes: < names for target but not for current >
     Attributes: < current is not list-like >
    
     [ FAIL 8 | WARN 1 | SKIP 0 | PASS 79 ]
     Error: Test failures
     Execution halted
Flavor: r-devel-linux-x86_64-debian-clang

Version: 0.1.0
Check: tests
Result: ERROR
     Running ‘testthat.R’ [2s/4s]
    Running the tests in ‘tests/testthat.R’ failed.
    Complete output:
     > library(testthat)
     > library(ezEDA)
     >
     > test_check("ezEDA")
     ══ Failed tests ════════════════════════════════════════════════════════════════
     ── Failure (test_category_tally.R:19:3): y axis is labeled 'count' ─────────────
     p$labels$y not identical to "count".
     Attributes: < Modes: list, NULL >
     Attributes: < Lengths: 1, 0 >
     Attributes: < names for target but not for current >
     Attributes: < current is not list-like >
     ── Failure (test_measure_distribution.R:29:3): y axis label is correct ─────────
     p$labels$y not identical to "count".
     Attributes: < Modes: list, NULL >
     Attributes: < Lengths: 1, 0 >
     Attributes: < names for target but not for current >
     Attributes: < current is not list-like >
     ── Failure (test_measure_distribution.R:30:3): y axis label is correct ─────────
     q$labels$y not identical to "count".
     Attributes: < Modes: list, NULL >
     Attributes: < Lengths: 1, 0 >
     Attributes: < names for target but not for current >
     Attributes: < current is not list-like >
     ── Failure (test_measure_distribution_by_category.R:29:3): y axis label is correct ──
     p$labels$y not identical to "count".
     Attributes: < Modes: list, NULL >
     Attributes: < Lengths: 1, 0 >
     Attributes: < names for target but not for current >
     Attributes: < current is not list-like >
     ── Failure (test_measure_distribution_by_category.R:30:3): y axis label is correct ──
     q$labels$y not identical to "count".
     Attributes: < Modes: list, NULL >
     Attributes: < Lengths: 1, 0 >
     Attributes: < names for target but not for current >
     Attributes: < current is not list-like >
     ── Failure (test_measure_distribution_by_two_caregories.R:19:3): y axis label is correct ──
     p$labels$y not identical to "count".
     Attributes: < Modes: list, NULL >
     Attributes: < Lengths: 1, 0 >
     Attributes: < names for target but not for current >
     Attributes: < current is not list-like >
     ── Failure (test_measure_distribution_over_time.R:25:3): y axis is labeled 'count' ──
     p$labels$y not identical to "count".
     Attributes: < Modes: list, NULL >
     Attributes: < Lengths: 1, 0 >
     Attributes: < names for target but not for current >
     Attributes: < current is not list-like >
     ── Failure (test_two_category_tally.R:19:3): y axis is labeled 'count' ─────────
     p$labels$y not identical to "count".
     Attributes: < Modes: list, NULL >
     Attributes: < Lengths: 1, 0 >
     Attributes: < names for target but not for current >
     Attributes: < current is not list-like >
    
     [ FAIL 8 | WARN 1 | SKIP 0 | PASS 79 ]
     Error: Test failures
     Execution halted
Flavor: r-devel-linux-x86_64-debian-gcc

Version: 0.1.0
Check: tests
Result: ERROR
     Running ‘testthat.R’
    Running the tests in ‘tests/testthat.R’ failed.
    Complete output:
     > library(testthat)
     > library(ezEDA)
     >
     > test_check("ezEDA")
     ══ Failed tests ════════════════════════════════════════════════════════════════
     ── Failure (test_category_tally.R:19:3): y axis is labeled 'count' ─────────────
     p$labels$y not identical to "count".
     Attributes: < Modes: list, NULL >
     Attributes: < Lengths: 1, 0 >
     Attributes: < names for target but not for current >
     Attributes: < current is not list-like >
     ── Failure (test_measure_distribution.R:29:3): y axis label is correct ─────────
     p$labels$y not identical to "count".
     Attributes: < Modes: list, NULL >
     Attributes: < Lengths: 1, 0 >
     Attributes: < names for target but not for current >
     Attributes: < current is not list-like >
     ── Failure (test_measure_distribution.R:30:3): y axis label is correct ─────────
     q$labels$y not identical to "count".
     Attributes: < Modes: list, NULL >
     Attributes: < Lengths: 1, 0 >
     Attributes: < names for target but not for current >
     Attributes: < current is not list-like >
     ── Failure (test_measure_distribution_by_category.R:29:3): y axis label is correct ──
     p$labels$y not identical to "count".
     Attributes: < Modes: list, NULL >
     Attributes: < Lengths: 1, 0 >
     Attributes: < names for target but not for current >
     Attributes: < current is not list-like >
     ── Failure (test_measure_distribution_by_category.R:30:3): y axis label is correct ──
     q$labels$y not identical to "count".
     Attributes: < Modes: list, NULL >
     Attributes: < Lengths: 1, 0 >
     Attributes: < names for target but not for current >
     Attributes: < current is not list-like >
     ── Failure (test_measure_distribution_by_two_caregories.R:19:3): y axis label is correct ──
     p$labels$y not identical to "count".
     Attributes: < Modes: list, NULL >
     Attributes: < Lengths: 1, 0 >
     Attributes: < names for target but not for current >
     Attributes: < current is not list-like >
     ── Failure (test_measure_distribution_over_time.R:25:3): y axis is labeled 'count' ──
     p$labels$y not identical to "count".
     Attributes: < Modes: list, NULL >
     Attributes: < Lengths: 1, 0 >
     Attributes: < names for target but not for current >
     Attributes: < current is not list-like >
     ── Failure (test_two_category_tally.R:19:3): y axis is labeled 'count' ─────────
     p$labels$y not identical to "count".
     Attributes: < Modes: list, NULL >
     Attributes: < Lengths: 1, 0 >
     Attributes: < names for target but not for current >
     Attributes: < current is not list-like >
    
     [ FAIL 8 | WARN 1 | SKIP 0 | PASS 79 ]
     Error: Test failures
     Execution halted
Flavors: r-devel-linux-x86_64-fedora-clang, r-devel-linux-x86_64-fedora-gcc, r-patched-solaris-x86

Version: 0.1.0
Check: tests
Result: ERROR
     Running 'testthat.R'
    Running the tests in 'tests/testthat.R' failed.
    Last 13 lines of output:
     p$labels$y not identical to "count".
     Attributes: < Modes: list, NULL >
     Attributes: < Lengths: 1, 0 >
     Attributes: < names for target but not for current >
     Attributes: < current is not list-like >
     -- Failure (test_two_category_tally.R:19:3): y axis is labeled 'count' ---------
     p$labels$y not identical to "count".
     Attributes: < Modes: list, NULL >
     Attributes: < Lengths: 1, 0 >
     Attributes: < names for target but not for current >
     Attributes: < current is not list-like >
    
     [ FAIL 8 | WARN 1 | SKIP 0 | PASS 79 ]
     Error: Test failures
     Execution halted
Flavor: r-devel-windows-x86_64-gcc10-UCRT

Version: 0.1.0
Check: tests
Result: ERROR
     Running ‘testthat.R’ [3s/3s]
    Running the tests in ‘tests/testthat.R’ failed.
    Complete output:
     > library(testthat)
     > library(ezEDA)
     >
     > test_check("ezEDA")
     ══ Failed tests ════════════════════════════════════════════════════════════════
     ── Failure (test_category_tally.R:19:3): y axis is labeled 'count' ─────────────
     p$labels$y not identical to "count".
     Attributes: < Modes: list, NULL >
     Attributes: < Lengths: 1, 0 >
     Attributes: < names for target but not for current >
     Attributes: < current is not list-like >
     ── Failure (test_measure_distribution.R:29:3): y axis label is correct ─────────
     p$labels$y not identical to "count".
     Attributes: < Modes: list, NULL >
     Attributes: < Lengths: 1, 0 >
     Attributes: < names for target but not for current >
     Attributes: < current is not list-like >
     ── Failure (test_measure_distribution.R:30:3): y axis label is correct ─────────
     q$labels$y not identical to "count".
     Attributes: < Modes: list, NULL >
     Attributes: < Lengths: 1, 0 >
     Attributes: < names for target but not for current >
     Attributes: < current is not list-like >
     ── Failure (test_measure_distribution_by_category.R:29:3): y axis label is correct ──
     p$labels$y not identical to "count".
     Attributes: < Modes: list, NULL >
     Attributes: < Lengths: 1, 0 >
     Attributes: < names for target but not for current >
     Attributes: < current is not list-like >
     ── Failure (test_measure_distribution_by_category.R:30:3): y axis label is correct ──
     q$labels$y not identical to "count".
     Attributes: < Modes: list, NULL >
     Attributes: < Lengths: 1, 0 >
     Attributes: < names for target but not for current >
     Attributes: < current is not list-like >
     ── Failure (test_measure_distribution_by_two_caregories.R:19:3): y axis label is correct ──
     p$labels$y not identical to "count".
     Attributes: < Modes: list, NULL >
     Attributes: < Lengths: 1, 0 >
     Attributes: < names for target but not for current >
     Attributes: < current is not list-like >
     ── Failure (test_measure_distribution_over_time.R:25:3): y axis is labeled 'count' ──
     p$labels$y not identical to "count".
     Attributes: < Modes: list, NULL >
     Attributes: < Lengths: 1, 0 >
     Attributes: < names for target but not for current >
     Attributes: < current is not list-like >
     ── Failure (test_two_category_tally.R:19:3): y axis is labeled 'count' ─────────
     p$labels$y not identical to "count".
     Attributes: < Modes: list, NULL >
     Attributes: < Lengths: 1, 0 >
     Attributes: < names for target but not for current >
     Attributes: < current is not list-like >
    
     [ FAIL 8 | WARN 1 | SKIP 0 | PASS 79 ]
     Error: Test failures
     Execution halted
Flavors: r-patched-linux-x86_64, r-release-linux-x86_64