CRAN Package Check Results for Package eye

Last updated on 2021-06-14 07:48:36 CEST.

Flavor Version Tinstall Tcheck Ttotal Status Flags
r-devel-linux-x86_64-debian-clang 1.2.0 8.56 92.91 101.47 NOTE
r-devel-linux-x86_64-debian-gcc 1.2.0 6.14 67.63 73.77 NOTE
r-devel-linux-x86_64-fedora-clang 1.2.0 125.78 NOTE
r-devel-linux-x86_64-fedora-gcc 1.2.0 117.40 NOTE
r-devel-windows-x86_64 1.2.0 13.00 113.00 126.00 NOTE
r-devel-windows-x86_64-gcc10-UCRT 1.2.0 NOTE
r-patched-linux-x86_64 1.2.0 8.22 86.83 95.05 NOTE
r-patched-solaris-x86 1.2.0 154.60 NOTE
r-release-linux-x86_64 1.2.0 6.58 87.44 94.02 NOTE
r-release-macos-arm64 1.2.0 NOTE
r-release-macos-x86_64 1.2.0 NOTE
r-release-windows-ix86+x86_64 1.2.0 17.00 109.00 126.00 NOTE
r-oldrel-macos-x86_64 1.2.0 OK
r-oldrel-windows-ix86+x86_64 1.2.0 19.00 111.00 130.00 OK

Check Details

Version: 1.2.0
Check: LazyData
Result: NOTE
     'LazyData' is specified without a 'data' directory
Flavors: r-devel-linux-x86_64-debian-clang, r-devel-linux-x86_64-debian-gcc, r-devel-linux-x86_64-fedora-clang, r-devel-linux-x86_64-fedora-gcc, r-devel-windows-x86_64, r-devel-windows-x86_64-gcc10-UCRT, r-patched-linux-x86_64, r-patched-solaris-x86, r-release-linux-x86_64, r-release-macos-arm64, r-release-macos-x86_64, r-release-windows-ix86+x86_64