CRAN Package Check Results for Package extrafont

Last updated on 2021-08-03 07:54:21 CEST.

Flavor Version Tinstall Tcheck Ttotal Status Flags
r-devel-linux-x86_64-debian-clang 0.17 2.30 23.13 25.43 NOTE
r-devel-linux-x86_64-debian-gcc 0.17 1.75 18.19 19.94 NOTE
r-devel-linux-x86_64-fedora-clang 0.17 40.51 NOTE
r-devel-linux-x86_64-fedora-gcc 0.17 29.01 NOTE
r-devel-windows-x86_64 0.17 3.00 38.00 41.00 NOTE
r-devel-windows-x86_64-gcc10-UCRT 0.17 NOTE
r-patched-linux-x86_64 0.17 2.34 22.26 24.60 NOTE
r-patched-solaris-x86 0.17 45.50 NOTE
r-release-linux-x86_64 0.17 2.13 22.41 24.54 NOTE
r-release-macos-arm64 0.17 NOTE
r-release-macos-x86_64 0.17 NOTE
r-release-windows-ix86+x86_64 0.17 4.00 29.00 33.00 NOTE
r-oldrel-macos-x86_64 0.17 NOTE
r-oldrel-windows-ix86+x86_64 0.17 3.00 28.00 31.00 NOTE

Check Details

Version: 0.17
Check: R code for possible problems
Result: NOTE
    font_install: no visible global function definition for
     'installed.packages'
    font_install: no visible global function definition for
     'install.packages'
    fonttable_add: no visible global function definition for 'write.csv'
    Undefined global functions or variables:
     install.packages installed.packages write.csv
    Consider adding
     importFrom("utils", "install.packages", "installed.packages",
     "write.csv")
    to your NAMESPACE file.
Flavors: r-devel-linux-x86_64-debian-clang, r-devel-linux-x86_64-debian-gcc, r-devel-linux-x86_64-fedora-clang, r-devel-linux-x86_64-fedora-gcc, r-devel-windows-x86_64, r-devel-windows-x86_64-gcc10-UCRT, r-patched-linux-x86_64, r-patched-solaris-x86, r-release-linux-x86_64, r-release-macos-arm64, r-release-macos-x86_64, r-release-windows-ix86+x86_64, r-oldrel-macos-x86_64, r-oldrel-windows-ix86+x86_64