CRAN Package Check Results for Package exiftoolr

Last updated on 2021-08-04 07:49:32 CEST.

Flavor Version Tinstall Tcheck Ttotal Status Flags
r-devel-linux-x86_64-debian-clang 0.1.5 2.97 28.65 31.62 NOTE
r-devel-linux-x86_64-debian-gcc 0.1.5 2.07 21.88 23.95 NOTE
r-devel-linux-x86_64-fedora-clang 0.1.5 46.40 NOTE
r-devel-linux-x86_64-fedora-gcc 0.1.5 35.48 NOTE
r-devel-windows-x86_64 0.1.5 5.00 43.00 48.00 NOTE
r-devel-windows-x86_64-gcc10-UCRT 0.1.5 NOTE
r-patched-linux-x86_64 0.1.5 3.12 26.38 29.50 NOTE
r-patched-solaris-x86 0.1.5 61.20 NOTE
r-release-linux-x86_64 0.1.5 2.76 26.44 29.20 NOTE
r-release-macos-arm64 0.1.5 NOTE
r-release-macos-x86_64 0.1.5 NOTE
r-release-windows-ix86+x86_64 0.1.5 6.00 32.00 38.00 NOTE
r-oldrel-macos-x86_64 0.1.5 OK
r-oldrel-windows-ix86+x86_64 0.1.5 6.00 40.00 46.00 OK

Check Details

Version: 0.1.5
Check: LazyData
Result: NOTE
     'LazyData' is specified without a 'data' directory
Flavors: r-devel-linux-x86_64-debian-clang, r-devel-linux-x86_64-debian-gcc, r-devel-linux-x86_64-fedora-clang, r-devel-linux-x86_64-fedora-gcc, r-devel-windows-x86_64, r-devel-windows-x86_64-gcc10-UCRT, r-patched-linux-x86_64, r-patched-solaris-x86, r-release-linux-x86_64, r-release-macos-arm64, r-release-macos-x86_64, r-release-windows-ix86+x86_64