CRAN Package Check Results for Package evolqg

Last updated on 2021-07-31 07:50:39 CEST.

Flavor Version Tinstall Tcheck Ttotal Status Flags
r-devel-linux-x86_64-debian-clang 0.2-9 44.21 301.89 346.10 OK
r-devel-linux-x86_64-debian-gcc 0.2-9 29.85 215.33 245.18 OK
r-devel-linux-x86_64-fedora-clang 0.2-9 410.25 NOTE
r-devel-linux-x86_64-fedora-gcc 0.2-9 402.16 OK
r-devel-windows-x86_64 0.2-9 42.00 369.00 411.00 OK
r-devel-windows-x86_64-gcc10-UCRT 0.2-9 OK
r-patched-linux-x86_64 0.2-9 OK
r-patched-solaris-x86 0.2-9 498.90 OK
r-release-linux-x86_64 0.2-9 34.04 288.54 322.58 OK
r-release-macos-arm64 0.2-9 OK
r-release-macos-x86_64 0.2-9 OK
r-release-windows-ix86+x86_64 0.2-9 99.00 426.00 525.00 OK
r-oldrel-macos-x86_64 0.2-9 OK
r-oldrel-windows-ix86+x86_64 0.2-9 71.00 616.00 687.00 OK

Check Details

Version: 0.2-9
Check: Rd cross-references
Result: NOTE
    Undeclared package ‘PHENIX’ in Rd xrefs
Flavor: r-devel-linux-x86_64-fedora-clang