CRAN Package Check Results for Package europepmc

Last updated on 2021-05-12 07:48:22 CEST.

Flavor Version Tinstall Tcheck Ttotal Status Flags
r-devel-linux-x86_64-debian-clang 0.4 5.99 73.76 79.75 NOTE
r-devel-linux-x86_64-debian-gcc 0.4 5.04 55.78 60.82 NOTE
r-devel-linux-x86_64-fedora-clang 0.4 103.94 NOTE
r-devel-linux-x86_64-fedora-gcc 0.4 91.79 NOTE
r-devel-windows-ix86+x86_64 0.4 24.00 136.00 160.00 NOTE
r-devel-windows-x86_64-gcc10-UCRT 0.4 NOTE
r-patched-linux-x86_64 0.4 5.54 69.98 75.52 NOTE
r-patched-solaris-x86 0.4 125.90 NOTE
r-release-linux-x86_64 0.4 5.27 70.13 75.40 OK
r-release-macos-x86_64 0.4 OK
r-release-windows-ix86+x86_64 0.4 11.00 113.00 124.00 OK
r-oldrel-macos-x86_64 0.4 OK
r-oldrel-windows-ix86+x86_64 0.4 13.00 127.00 140.00 OK

Check Details

Version: 0.4
Check: LazyData
Result: NOTE
     'LazyData' is specified without a 'data' directory
Flavors: r-devel-linux-x86_64-debian-clang, r-devel-linux-x86_64-debian-gcc, r-devel-linux-x86_64-fedora-clang, r-devel-linux-x86_64-fedora-gcc, r-devel-windows-ix86+x86_64, r-devel-windows-x86_64-gcc10-UCRT, r-patched-linux-x86_64, r-patched-solaris-x86