CRAN Package Check Results for Package epitweetr

Last updated on 2021-08-03 07:54:21 CEST.

Flavor Version Tinstall Tcheck Ttotal Status Flags
r-devel-linux-x86_64-debian-clang 0.1.28 15.35 117.08 132.43 NOTE
r-devel-linux-x86_64-debian-gcc 0.1.28 12.69 87.11 99.80 NOTE
r-devel-linux-x86_64-fedora-clang 0.1.28 163.48 NOTE
r-devel-linux-x86_64-fedora-gcc 0.1.28 152.23 NOTE
r-devel-windows-x86_64 0.1.28 30.00 162.00 192.00 OK
r-devel-windows-x86_64-gcc10-UCRT 0.1.28 NOTE
r-patched-linux-x86_64 0.1.28 14.63 109.42 124.05 NOTE
r-patched-solaris-x86 0.1.28 168.00 NOTE
r-release-linux-x86_64 0.1.28 13.89 107.54 121.43 NOTE
r-release-macos-arm64 0.1.28 NOTE
r-release-macos-x86_64 0.1.28 NOTE
r-release-windows-ix86+x86_64 0.1.28 32.00 155.00 187.00 OK
r-oldrel-macos-x86_64 0.1.28 NOTE
r-oldrel-windows-ix86+x86_64 0.1.28 31.00 158.00 189.00 OK

Check Details

Version: 0.1.28
Check: package dependencies
Result: NOTE
    Package suggested but not available for checking: 'taskscheduleR'
Flavors: r-devel-linux-x86_64-debian-clang, r-devel-linux-x86_64-debian-gcc, r-devel-linux-x86_64-fedora-gcc, r-patched-linux-x86_64, r-patched-solaris-x86, r-release-linux-x86_64, r-release-macos-arm64, r-release-macos-x86_64, r-oldrel-macos-x86_64

Version: 0.1.28
Check: package dependencies
Result: NOTE
    Package suggested but not available for checking: ‘taskscheduleR’
    
    Imports includes 26 non-default packages.
    Importing from so many packages makes the package vulnerable to any of
    them becoming unavailable. Move as many as possible to Suggests and
    use conditionally.
Flavor: r-devel-linux-x86_64-fedora-clang

Version: 0.1.28
Check: dependencies in R code
Result: NOTE
    Namespaces in Imports field not imported from:
     ‘httpuv’ ‘plyr’ ‘rgdal’ ‘rgeos’ ‘tidyverse’ ‘tokenizers’
     All declared Imports should be used.
Flavors: r-devel-linux-x86_64-fedora-clang, r-devel-linux-x86_64-fedora-gcc, r-devel-windows-x86_64-gcc10-UCRT, r-patched-solaris-x86, r-release-macos-arm64, r-release-macos-x86_64, r-oldrel-macos-x86_64