CRAN Package Check Results for Package epifitter

Last updated on 2021-06-25 08:49:58 CEST.

Flavor Version Tinstall Tcheck Ttotal Status Flags
r-devel-linux-x86_64-debian-clang 0.3.0 3.64 66.00 69.64 OK
r-devel-linux-x86_64-debian-gcc 0.3.0 2.93 49.60 52.53 OK
r-devel-linux-x86_64-fedora-clang 0.3.0 89.56 NOTE
r-devel-linux-x86_64-fedora-gcc 0.3.0 81.02 NOTE
r-devel-windows-x86_64 0.3.0 6.00 60.00 66.00 OK
r-devel-windows-x86_64-gcc10-UCRT 0.3.0 NOTE
r-patched-linux-x86_64 0.3.0 3.85 63.11 66.96 OK
r-patched-solaris-x86 0.3.0 111.60 NOTE
r-release-linux-x86_64 0.3.0 3.31 62.61 65.92 OK
r-release-macos-arm64 0.3.0 NOTE
r-release-macos-x86_64 0.3.0 NOTE
r-release-windows-ix86+x86_64 0.3.0 7.00 66.00 73.00 OK
r-oldrel-macos-x86_64 0.3.0 NOTE
r-oldrel-windows-ix86+x86_64 0.3.0 8.00 69.00 77.00 OK

Check Details

Version: 0.3.0
Check: dependencies in R code
Result: NOTE
    Namespace in Imports field not imported from: ‘knitr’
     All declared Imports should be used.
Flavors: r-devel-linux-x86_64-fedora-clang, r-devel-linux-x86_64-fedora-gcc, r-devel-windows-x86_64-gcc10-UCRT, r-patched-solaris-x86, r-release-macos-arm64, r-release-macos-x86_64, r-oldrel-macos-x86_64