CRAN Package Check Results for Package epidata

Last updated on 2021-06-18 07:48:08 CEST.

Flavor Version Tinstall Tcheck Ttotal Status Flags
r-devel-linux-x86_64-debian-clang 0.4.0 6.25 56.17 62.42 OK
r-devel-linux-x86_64-debian-gcc 0.4.0 4.43 41.58 46.01 OK
r-devel-linux-x86_64-fedora-clang 0.4.0 79.58 NOTE
r-devel-linux-x86_64-fedora-gcc 0.4.0 69.76 NOTE
r-devel-windows-x86_64 0.4.0 9.00 97.00 106.00 OK
r-devel-windows-x86_64-gcc10-UCRT 0.4.0 NOTE
r-patched-linux-x86_64 0.4.0 4.79 51.46 56.25 OK
r-patched-solaris-x86 0.4.0 102.70 NOTE
r-release-linux-x86_64 0.4.0 5.79 52.08 57.87 OK
r-release-macos-arm64 0.4.0 NOTE
r-release-macos-x86_64 0.4.0 NOTE
r-release-windows-ix86+x86_64 0.4.0 13.00 98.00 111.00 OK
r-oldrel-macos-x86_64 0.4.0 NOTE
r-oldrel-windows-ix86+x86_64 0.4.0 10.00 94.00 104.00 OK

Check Details

Version: 0.4.0
Check: dependencies in R code
Result: NOTE
    Namespace in Imports field not imported from: ‘tinytest’
     All declared Imports should be used.
Flavors: r-devel-linux-x86_64-fedora-clang, r-devel-linux-x86_64-fedora-gcc, r-devel-windows-x86_64-gcc10-UCRT, r-patched-solaris-x86, r-release-macos-arm64, r-release-macos-x86_64, r-oldrel-macos-x86_64