CRAN Package Check Results for Package epiR

Last updated on 2021-07-31 07:50:39 CEST.

Flavor Version Tinstall Tcheck Ttotal Status Flags
r-devel-linux-x86_64-debian-clang 2.0.33 29.84 206.91 236.75 OK
r-devel-linux-x86_64-debian-gcc 2.0.33 25.79 150.52 176.31 OK
r-devel-linux-x86_64-fedora-clang 2.0.33 228.88 OK
r-devel-linux-x86_64-fedora-gcc 2.0.33 225.61 OK
r-devel-windows-x86_64 2.0.31 29.00 242.00 271.00 OK
r-devel-windows-x86_64-gcc10-UCRT 2.0.26 OK
r-patched-linux-x86_64 2.0.31 OK
r-patched-solaris-x86 2.0.33 323.30 OK
r-release-linux-x86_64 2.0.31 29.87 197.74 227.61 OK
r-release-macos-arm64 2.0.31 WARN
r-release-macos-x86_64 2.0.31 OK
r-release-windows-ix86+x86_64 2.0.31 49.00 237.00 286.00 OK
r-oldrel-macos-x86_64 2.0.31 OK
r-oldrel-windows-ix86+x86_64 2.0.31 31.00 190.00 221.00 OK

Check Details

Version: 2.0.31
Check: re-building of vignette outputs
Result: WARN
    Error(s) in re-building vignettes:
    --- re-building ‘epiR_RSurveillance.Rmd’ using rmarkdown
    Warning in engine$weave(file, quiet = quiet, encoding = enc) :
     Pandoc (>= 1.12.3) not available. Falling back to R Markdown v1.
    --- finished re-building ‘epiR_RSurveillance.Rmd’
    
    --- re-building ‘epiR_descriptive.Rmd’ using rmarkdown
    Warning in engine$weave(file, quiet = quiet, encoding = enc) :
     Pandoc (>= 1.12.3) not available. Falling back to R Markdown v1.
    Loading required package: survival
    Package epiR 2.0.31 is loaded
    Type help(epi.about) for summary information
    Type browseVignettes(package = 'epiR') to learn how to use epiR for applied epidemiological analyses
    
    
    
    Attaching package: 'lubridate'
    
    The following objects are masked from 'package:base':
    
     date, intersect, setdiff, union
    
    Quitting from lines 87-94 (epiR_descriptive.Rmd)
    Error: processing vignette 'epiR_descriptive.Rmd' failed with diagnostics:
    polygon edge not found
    --- failed re-building ‘epiR_descriptive.Rmd’
    
    --- re-building ‘epiR_measures_of_association.Rmd’ using rmarkdown
    Warning in engine$weave(file, quiet = quiet, encoding = enc) :
     Pandoc (>= 1.12.3) not available. Falling back to R Markdown v1.
    Quitting from lines 197-223 (epiR_measures_of_association.Rmd)
    Error: processing vignette 'epiR_measures_of_association.Rmd' failed with diagnostics:
    polygon edge not found
    --- failed re-building ‘epiR_measures_of_association.Rmd’
    
    --- re-building ‘epiR_sample_size.Rmd’ using rmarkdown
    Warning in engine$weave(file, quiet = quiet, encoding = enc) :
     Pandoc (>= 1.12.3) not available. Falling back to R Markdown v1.
    Loading required package: survival
    Package epiR 2.0.31 is loaded
    Type help(epi.about) for summary information
    Type browseVignettes(package = 'epiR') to learn how to use epiR for applied epidemiological analyses
    
    
    --- finished re-building ‘epiR_sample_size.Rmd’
    
    --- re-building ‘epiR_surveillance.Rmd’ using rmarkdown
    Warning in engine$weave(file, quiet = quiet, encoding = enc) :
     Pandoc (>= 1.12.3) not available. Falling back to R Markdown v1.
    Loading required package: survival
    Package epiR 2.0.31 is loaded
    Type help(epi.about) for summary information
    Type browseVignettes(package = 'epiR') to learn how to use epiR for applied epidemiological analyses
    
    
    
    Attaching package: 'lubridate'
    
    The following objects are masked from 'package:base':
    
     date, intersect, setdiff, union
    
    Quitting from lines 263-289 (epiR_surveillance.Rmd)
    Error: processing vignette 'epiR_surveillance.Rmd' failed with diagnostics:
    polygon edge not found
    --- failed re-building ‘epiR_surveillance.Rmd’
    
    SUMMARY: processing the following files failed:
     ‘epiR_descriptive.Rmd’ ‘epiR_measures_of_association.Rmd’
     ‘epiR_surveillance.Rmd’
    
    Error: Vignette re-building failed.
    Execution halted
Flavor: r-release-macos-arm64