CRAN Package Check Results for Package enviGCMS

Last updated on 2021-08-05 07:49:23 CEST.

Flavor Version Tinstall Tcheck Ttotal Status Flags
r-devel-linux-x86_64-debian-clang 0.6.6 6.84 76.79 83.63 OK
r-devel-linux-x86_64-debian-gcc 0.6.6 5.46 57.35 62.81 OK
r-devel-linux-x86_64-fedora-clang 0.6.6 111.37 OK
r-devel-linux-x86_64-fedora-gcc 0.6.6 103.59 OK
r-devel-windows-x86_64 0.6.6 12.00 117.00 129.00 OK
r-devel-windows-x86_64-gcc10-UCRT 0.6.6 ERROR
r-patched-linux-x86_64 0.6.6 7.58 73.08 80.66 OK
r-release-linux-x86_64 0.6.6 6.77 73.05 79.82 OK
r-release-macos-arm64 0.6.6 ERROR
r-release-macos-x86_64 0.6.6 ERROR
r-release-windows-ix86+x86_64 0.6.6 13.00 114.00 127.00 OK
r-oldrel-macos-x86_64 0.6.6 ERROR
r-oldrel-windows-ix86+x86_64 0.6.6 8.00 112.00 120.00 OK

Check Details

Version: 0.6.6
Check: package dependencies
Result: ERROR
    Package required but not available: 'BiocParallel'
    
    Packages suggested but not available for checking:
     'testthat', 'xcms', 'MSnbase', 'plotly'
    
    See section 'The DESCRIPTION file' in the 'Writing R Extensions'
    manual.
Flavor: r-devel-windows-x86_64-gcc10-UCRT

Version: 0.6.6
Check: package dependencies
Result: ERROR
    Packages required but not available: 'Rdisop', 'BiocParallel'
    
    Packages suggested but not available for checking: 'xcms', 'MSnbase'
    
    See section ‘The DESCRIPTION file’ in the ‘Writing R Extensions’
    manual.
Flavor: r-release-macos-arm64

Version: 0.6.6
Check: package dependencies
Result: ERROR
    Package required but not available: ‘Rdisop’
    
    See section ‘The DESCRIPTION file’ in the ‘Writing R Extensions’
    manual.
Flavors: r-release-macos-x86_64, r-oldrel-macos-x86_64