CRAN Package Check Results for Package enc

Last updated on 2021-10-21 07:49:53 CEST.

Flavor Version Tinstall Tcheck Ttotal Status Flags
r-devel-linux-x86_64-debian-clang 0.2.2 3.39 26.24 29.63 NOTE
r-devel-linux-x86_64-debian-gcc 0.2.2 2.45 20.68 23.13 NOTE
r-devel-linux-x86_64-fedora-clang 0.2.2 47.73 NOTE
r-devel-linux-x86_64-fedora-gcc 0.2.2 36.46 NOTE
r-devel-windows-x86_64 0.2.2 7.00 44.00 51.00 NOTE
r-devel-windows-x86_64-gcc10-UCRT 0.2.2 NOTE
r-patched-linux-x86_64 0.2.2 3.09 25.64 28.73 NOTE
r-patched-solaris-x86 0.2.2 55.30 NOTE
r-release-linux-x86_64 0.2.2 3.27 25.25 28.52 NOTE
r-release-macos-arm64 0.2.2 NOTE
r-release-macos-x86_64 0.2.2 NOTE
r-release-windows-ix86+x86_64 0.2.2 7.00 54.00 61.00 NOTE
r-oldrel-macos-x86_64 0.2.2 OK
r-oldrel-windows-ix86+x86_64 0.2.2 10.00 56.00 66.00 OK

Check Details

Version: 0.2.2
Check: LazyData
Result: NOTE
     'LazyData' is specified without a 'data' directory
Flavors: r-devel-linux-x86_64-debian-clang, r-devel-linux-x86_64-debian-gcc, r-devel-linux-x86_64-fedora-clang, r-devel-linux-x86_64-fedora-gcc, r-devel-windows-x86_64, r-devel-windows-x86_64-gcc10-UCRT, r-patched-linux-x86_64, r-patched-solaris-x86, r-release-linux-x86_64, r-release-macos-arm64, r-release-macos-x86_64, r-release-windows-ix86+x86_64