CRAN Package Check Results for Package emmeans

Last updated on 2021-09-20 07:50:30 CEST.

Flavor Version Tinstall Tcheck Ttotal Status Flags
r-devel-linux-x86_64-debian-clang 1.6.3 14.94 209.43 224.37 OK
r-devel-linux-x86_64-debian-gcc 1.6.3 12.94 153.99 166.93 OK
r-devel-linux-x86_64-fedora-clang 1.6.3 267.00 OK
r-devel-linux-x86_64-fedora-gcc 1.6.3 259.11 OK
r-devel-windows-x86_64 1.6.3 19.00 193.00 212.00 OK
r-devel-windows-x86_64-gcc10-UCRT 1.6.3 ERROR
r-patched-linux-x86_64 1.6.3 15.06 242.71 257.77 OK
r-patched-solaris-x86 1.6.3 398.00 OK
r-release-linux-x86_64 1.6.3 12.39 241.88 254.27 OK
r-release-macos-arm64 1.6.3 OK
r-release-macos-x86_64 1.6.3 OK
r-release-windows-ix86+x86_64 1.6.3 28.00 223.00 251.00 OK
r-oldrel-macos-x86_64 1.6.3 OK
r-oldrel-windows-ix86+x86_64 1.6.3 27.00 304.00 331.00 OK

Check Details

Version: 1.6.3
Check: whether package can be installed
Result: WARN
    Found the following significant warnings:
     WARNING: installation-time patches will not be applied, could not get the patches index
Flavor: r-devel-windows-x86_64-gcc10-UCRT

Version: 1.6.3
Check: PDF version of manual
Result: WARN
    LaTeX errors when creating PDF version.
    This typically indicates Rd problems.
Flavor: r-devel-windows-x86_64-gcc10-UCRT

Version: 1.6.3
Check: PDF version of manual without hyperrefs or index
Result: ERROR
    Re-running with no redirection of stdout/stderr.
Flavor: r-devel-windows-x86_64-gcc10-UCRT