CRAN Package Check Results for Package embed

Last updated on 2021-06-14 07:48:35 CEST.

Flavor Version Tinstall Tcheck Ttotal Status Flags
r-devel-linux-x86_64-debian-clang 0.1.4 13.05 150.55 163.60 NOTE
r-devel-linux-x86_64-debian-gcc 0.1.4 11.01 113.30 124.31 NOTE
r-devel-linux-x86_64-fedora-clang 0.1.4 208.81 NOTE
r-devel-linux-x86_64-fedora-gcc 0.1.4 194.86 NOTE
r-devel-windows-x86_64 0.1.4 22.00 174.00 196.00 NOTE
r-devel-windows-x86_64-gcc10-UCRT 0.1.4 NOTE
r-patched-linux-x86_64 0.1.4 17.88 141.34 159.22 NOTE
r-patched-solaris-x86 0.1.4 270.20 NOTE
r-release-linux-x86_64 0.1.4 9.09 142.95 152.04 NOTE
r-release-macos-arm64 0.1.4 NOTE
r-release-macos-x86_64 0.1.4 NOTE
r-release-windows-ix86+x86_64 0.1.4 31.00 169.00 200.00 NOTE
r-oldrel-macos-x86_64 0.1.4 OK
r-oldrel-windows-ix86+x86_64 0.1.4 33.00 182.00 215.00 OK

Check Details

Version: 0.1.4
Check: LazyData
Result: NOTE
     'LazyData' is specified without a 'data' directory
Flavors: r-devel-linux-x86_64-debian-clang, r-devel-linux-x86_64-debian-gcc, r-devel-linux-x86_64-fedora-clang, r-devel-linux-x86_64-fedora-gcc, r-devel-windows-x86_64, r-devel-windows-x86_64-gcc10-UCRT, r-patched-linux-x86_64, r-patched-solaris-x86, r-release-linux-x86_64, r-release-macos-arm64, r-release-macos-x86_64, r-release-windows-ix86+x86_64