CRAN Package Check Results for Package einsum

Last updated on 2021-10-21 07:49:53 CEST.

Flavor Version Tinstall Tcheck Ttotal Status Flags
r-devel-linux-x86_64-debian-clang 0.1.0 17.30 157.70 175.00 OK
r-devel-linux-x86_64-debian-gcc 0.1.0 13.09 102.47 115.56 OK
r-devel-linux-x86_64-fedora-clang 0.1.0 253.69 NOTE
r-devel-linux-x86_64-fedora-gcc 0.1.0 210.35 NOTE
r-devel-windows-x86_64 0.1.0 27.00 207.00 234.00 OK
r-devel-windows-x86_64-gcc10-UCRT 0.1.0 NOTE
r-patched-linux-x86_64 0.1.0 15.56 139.32 154.88 OK
r-patched-solaris-x86 0.1.0 320.80 NOTE
r-release-linux-x86_64 0.1.0 15.41 139.19 154.60 OK
r-release-macos-arm64 0.1.0 NOTE
r-release-macos-x86_64 0.1.0 NOTE
r-release-windows-ix86+x86_64 0.1.0 38.00 353.00 391.00 OK
r-oldrel-macos-x86_64 0.1.0 NOTE
r-oldrel-windows-ix86+x86_64 0.1.0 49.00 365.00 414.00 OK

Check Details

Version: 0.1.0
Check: dependencies in R code
Result: NOTE
    Namespace in Imports field not imported from: ‘mathjaxr’
     All declared Imports should be used.
Flavors: r-devel-linux-x86_64-fedora-clang, r-devel-linux-x86_64-fedora-gcc, r-devel-windows-x86_64-gcc10-UCRT, r-patched-solaris-x86, r-release-macos-arm64, r-release-macos-x86_64, r-oldrel-macos-x86_64