CRAN Package Check Results for Package egor

Last updated on 2021-06-25 08:49:58 CEST.

Flavor Version Tinstall Tcheck Ttotal Status Flags
r-devel-linux-x86_64-debian-clang 1.21.6 18.46 308.14 326.60 OK
r-devel-linux-x86_64-debian-gcc 1.21.6 13.00 221.84 234.84 OK
r-devel-linux-x86_64-fedora-clang 1.21.6 375.47 OK
r-devel-linux-x86_64-fedora-gcc 1.21.6 375.08 OK
r-devel-windows-x86_64 1.21.6 24.00 262.00 286.00 OK
r-devel-windows-x86_64-gcc10-UCRT 1.21.6 OK
r-patched-linux-x86_64 1.21.6 19.73 287.38 307.11 OK
r-patched-solaris-x86 1.21.6 457.40 OK
r-release-linux-x86_64 1.21.6 15.19 286.74 301.93 OK
r-release-macos-arm64 1.21.6 ERROR
r-release-macos-x86_64 1.21.6 OK
r-release-windows-ix86+x86_64 1.21.6 25.00 252.00 277.00 OK
r-oldrel-macos-x86_64 1.21.6 OK
r-oldrel-windows-ix86+x86_64 1.21.6 33.00 307.00 340.00 OK

Check Details

Version: 1.21.6
Check: tests
Result: ERROR
     Running ‘testthat.R’ [27s/30s]
    Running the tests in ‘tests/testthat.R’ failed.
    Last 13 lines of output:
     10. ├─dplyr::select(., -V1, -V2)
     11. ├─dplyr::left_join(., aaties, by = c(from = ".srcID", to = ".tgtID"))
     12. ├─dplyr::mutate(...)
     13. ├─dplyr:::mutate.data.frame(...)
     14. │ └─dplyr:::mutate_cols(.data, ..., caller_env = caller_env())
     15. │ ├─base::withCallingHandlers(...)
     16. │ └─mask$eval_all_mutate(quo)
     17. ├─base::factor(...)
     18. │ └─base::stop(...)
     19. └─base::.handleSimpleError(...)
     20. └─dplyr:::h(simpleError(msg, call))
    
     [ FAIL 1 | WARN 0 | SKIP 0 | PASS 208 ]
     Error: Test failures
     Execution halted
Flavor: r-release-macos-arm64