CRAN Package Check Results for Package effects

Last updated on 2021-06-24 07:50:09 CEST.

Flavor Version Tinstall Tcheck Ttotal Status Flags
r-devel-linux-x86_64-debian-clang 4.2-0 14.86 204.06 218.92 NOTE
r-devel-linux-x86_64-debian-gcc 4.2-0 13.00 151.38 164.38 NOTE
r-devel-linux-x86_64-fedora-clang 4.2-0 267.80 NOTE
r-devel-linux-x86_64-fedora-gcc 4.2-0 269.85 NOTE
r-devel-windows-x86_64 4.2-0 23.00 206.00 229.00 NOTE
r-devel-windows-x86_64-gcc10-UCRT 4.2-0 WARN
r-patched-linux-x86_64 4.2-0 19.38 193.76 213.14 NOTE
r-patched-solaris-x86 4.2-0 340.40 NOTE
r-release-linux-x86_64 4.2-0 15.82 193.37 209.19 NOTE
r-release-macos-arm64 4.2-0 NOTE
r-release-macos-x86_64 4.2-0 NOTE
r-release-windows-ix86+x86_64 4.2-0 24.00 225.00 249.00 NOTE
r-oldrel-macos-x86_64 4.2-0 OK

Check Details

Version: 4.2-0
Check: LazyData
Result: NOTE
     'LazyData' is specified without a 'data' directory
Flavors: r-devel-linux-x86_64-debian-clang, r-devel-linux-x86_64-debian-gcc, r-devel-linux-x86_64-fedora-clang, r-devel-linux-x86_64-fedora-gcc, r-devel-windows-x86_64, r-devel-windows-x86_64-gcc10-UCRT, r-patched-linux-x86_64, r-patched-solaris-x86, r-release-linux-x86_64, r-release-macos-arm64, r-release-macos-x86_64, r-release-windows-ix86+x86_64

Version: 4.2-0
Check: package dependencies
Result: NOTE
    Packages suggested but not available for checking: 'heplots', 'car', 'alr4'
Flavor: r-devel-windows-x86_64-gcc10-UCRT

Version: 4.2-0
Check: Rd cross-references
Result: NOTE
    Package unavailable to check Rd xrefs: 'car'
Flavor: r-devel-windows-x86_64-gcc10-UCRT

Version: 4.2-0
Check: re-building of vignette outputs
Result: WARN
    Error(s) in re-building vignettes:
     ...
    --- re-building 'methods-supported-by-effects.Rnw' using knitr
    kpsewhich: major issue: So far, you have not checked for updates as a MiKTeX user.
    --- finished re-building 'methods-supported-by-effects.Rnw'
    
    --- re-building 'partial-residuals.Rnw' using knitr
    --- finished re-building 'partial-residuals.Rnw'
    
    --- re-building 'predictor-effects-gallery.Rnw' using knitr
    Quitting from lines 96-101 (predictor-effects-gallery.Rnw)
    Error: processing vignette 'predictor-effects-gallery.Rnw' failed with diagnostics:
    there is no package called 'car'
    --- failed re-building 'predictor-effects-gallery.Rnw'
    
    SUMMARY: processing the following file failed:
     'predictor-effects-gallery.Rnw'
    
    Error: Vignette re-building failed.
    Execution halted
Flavor: r-devel-windows-x86_64-gcc10-UCRT