CRAN Package Check Results for Package eechidna

Last updated on 2021-06-23 08:49:34 CEST.

Flavor Version Tinstall Tcheck Ttotal Status Flags
r-devel-linux-x86_64-debian-clang 1.4.1 11.16 129.52 140.68 OK
r-devel-linux-x86_64-debian-gcc 1.4.1 8.98 95.82 104.80 OK
r-devel-linux-x86_64-fedora-clang 1.4.1 175.42 OK
r-devel-linux-x86_64-fedora-gcc 1.4.1 167.61 OK
r-devel-windows-x86_64 1.4.1 17.00 158.00 175.00 OK
r-devel-windows-x86_64-gcc10-UCRT 1.4.1 ERROR
r-patched-linux-x86_64 1.4.1 10.58 121.69 132.27 OK
r-patched-solaris-x86 1.4.1 254.90 OK
r-release-linux-x86_64 1.4.1 9.31 123.21 132.52 OK
r-release-macos-arm64 1.4.1 OK
r-release-macos-x86_64 1.4.1 OK
r-release-windows-ix86+x86_64 1.4.1 19.00 119.00 138.00 OK
r-oldrel-macos-x86_64 1.4.1 OK

Check Details

Version: 1.4.1
Check: package dependencies
Result: ERROR
    Package required but not available: 'plotly'
    
    Packages suggested but not available for checking: 'tidyverse', 'ggmap'
    
    See section 'The DESCRIPTION file' in the 'Writing R Extensions'
    manual.
Flavor: r-devel-windows-x86_64-gcc10-UCRT