CRAN Package Check Results for Package edeaR

Last updated on 2021-06-24 07:50:09 CEST.

Flavor Version Tinstall Tcheck Ttotal Status Flags
r-devel-linux-x86_64-debian-clang 0.8.6 17.65 116.73 134.38 NOTE
r-devel-linux-x86_64-debian-gcc 0.8.6 14.37 83.96 98.33 NOTE
r-devel-linux-x86_64-fedora-clang 0.8.6 161.45 NOTE
r-devel-linux-x86_64-fedora-gcc 0.8.6 152.98 NOTE
r-devel-windows-x86_64 0.8.6 24.00 118.00 142.00 NOTE
r-devel-windows-x86_64-gcc10-UCRT 0.8.6 NOTE
r-patched-linux-x86_64 0.8.6 16.00 107.86 123.86 NOTE
r-patched-solaris-x86 0.8.6 200.50 NOTE
r-release-linux-x86_64 0.8.6 14.28 107.81 122.09 NOTE
r-release-macos-arm64 0.8.6 NOTE
r-release-macos-x86_64 0.8.6 NOTE
r-release-windows-ix86+x86_64 0.8.6 25.00 95.00 120.00 NOTE
r-oldrel-macos-x86_64 0.8.6 OK

Check Details

Version: 0.8.6
Check: LazyData
Result: NOTE
     'LazyData' is specified without a 'data' directory
Flavors: r-devel-linux-x86_64-debian-clang, r-devel-linux-x86_64-debian-gcc, r-devel-linux-x86_64-fedora-clang, r-devel-linux-x86_64-fedora-gcc, r-devel-windows-x86_64, r-devel-windows-x86_64-gcc10-UCRT, r-patched-linux-x86_64, r-patched-solaris-x86, r-release-linux-x86_64, r-release-macos-arm64, r-release-macos-x86_64, r-release-windows-ix86+x86_64

Version: 0.8.6
Check: Rd cross-references
Result: NOTE
    Undeclared package ‘magrittr’ in Rd xrefs
Flavor: r-devel-linux-x86_64-fedora-clang