CRAN Package Check Results for Package ecr

Last updated on 2021-09-22 07:51:13 CEST.

Flavor Version Tinstall Tcheck Ttotal Status Flags
r-devel-linux-x86_64-debian-clang 2.1.0 15.57 90.55 106.12 NOTE
r-devel-linux-x86_64-debian-gcc 2.1.0 10.88 67.93 78.81 NOTE
r-devel-linux-x86_64-fedora-clang 2.1.0 135.65 NOTE
r-devel-linux-x86_64-fedora-gcc 2.1.0 121.71 NOTE
r-devel-windows-x86_64 2.1.0 17.00 80.00 97.00 NOTE
r-devel-windows-x86_64-gcc10-UCRT 2.1.0 ERROR
r-patched-linux-x86_64 2.1.0 13.98 85.22 99.20 NOTE
r-patched-solaris-x86 2.1.0 172.50 NOTE
r-release-linux-x86_64 2.1.0 13.40 85.01 98.41 NOTE
r-release-macos-arm64 2.1.0 NOTE
r-release-macos-x86_64 2.1.0 NOTE
r-release-windows-ix86+x86_64 2.1.0 35.00 106.00 141.00 NOTE
r-oldrel-macos-x86_64 2.1.0 OK
r-oldrel-windows-ix86+x86_64 2.1.0 27.00 100.00 127.00 OK

Check Details

Version: 2.1.0
Check: LazyData
Result: NOTE
     'LazyData' is specified without a 'data' directory
Flavors: r-devel-linux-x86_64-debian-clang, r-devel-linux-x86_64-debian-gcc, r-devel-linux-x86_64-fedora-clang, r-devel-linux-x86_64-fedora-gcc, r-devel-windows-x86_64, r-patched-linux-x86_64, r-patched-solaris-x86, r-release-linux-x86_64, r-release-macos-arm64, r-release-macos-x86_64, r-release-windows-ix86+x86_64

Version: 2.1.0
Check: whether package can be installed
Result: ERROR
    Installation failed.
Flavor: r-devel-windows-x86_64-gcc10-UCRT